{"id":2456,"date":"2025-06-26T15:40:31","date_gmt":"2025-06-26T18:40:31","guid":{"rendered":"https:\/\/elcristaldigital.org\/?page_id=2456"},"modified":"2025-06-26T16:31:49","modified_gmt":"2025-06-26T19:31:49","slug":"regionales-3","status":"publish","type":"page","link":"https:\/\/elcristaldigital.org\/index.php\/regionales-3\/","title":{"rendered":"Regionales"},"content":{"rendered":"\n<h3 class=\"wp-block-heading alignfull has-text-align-center has-primary-color has-accent-background-color has-text-color has-background has-link-color wp-elements-0195cb8a27c168086b9888ad562ac617\">FIESTAS PARONALES EN BRINKMANN<\/h3>\n\n\n\n<p>El d\u00eda 24\/05 se llevaron a cabo las fiestas patronales en Brinkmann en conmemoraci\u00f3n a San Bautista.<\/p>\n\n\n\n<p>A su vez, se celebr\u00f3 el 44\u00b0 aniversario de la instituci\u00f3n de bomberos voluntarios de la localidad, donde estuvieron presentes sus integrantes, las autoridades, los veteranos de Malvinas y dem\u00e1s representantes de diferentes instituciones.<\/p>\n\n\n\n<p>Se realiz\u00f3 el izamiento de la bandera, donde fue entregado el benepl\u00e1cito de la Legislatura Provincial, luego la procesi\u00f3n alrededor de la plaza y finalmente la misa en la Parroquia&nbsp;San&nbsp;Bautista.<\/p>\n\n\n<div class=\"wp-block-image\">\n<figure class=\"aligncenter size-full is-resized\"><img loading=\"lazy\" decoding=\"async\" width=\"1200\" height=\"900\" src=\"https:\/\/elcristaldigital.org\/wp-content\/uploads\/2025\/06\/Imagen-de-WhatsApp-2025-06-24-a-las-18.03.13_b830b9bc.jpg\" alt=\"\" class=\"wp-image-2461\" style=\"width:356px;height:auto\" srcset=\"https:\/\/elcristaldigital.org\/wp-content\/uploads\/2025\/06\/Imagen-de-WhatsApp-2025-06-24-a-las-18.03.13_b830b9bc.jpg 1200w, https:\/\/elcristaldigital.org\/wp-content\/uploads\/2025\/06\/Imagen-de-WhatsApp-2025-06-24-a-las-18.03.13_b830b9bc-300x225.jpg 300w, https:\/\/elcristaldigital.org\/wp-content\/uploads\/2025\/06\/Imagen-de-WhatsApp-2025-06-24-a-las-18.03.13_b830b9bc-768x576.jpg 768w\" sizes=\"auto, (max-width: 1200px) 100vw, 1200px\" \/><\/figure>\n<\/div>\n\n\n<h3 class=\"wp-block-heading alignfull has-text-align-center has-primary-color has-accent-background-color has-text-color has-background has-link-color wp-elements-99c7e68b91773d3fd7c98c3b63801b5c\">FIESTAS PATRONALES EN BAUER Y SIGEL<\/h3>\n\n\n\n<p>El d\u00eda martes 24 de junio, se conmemor\u00f3 la Fiesta Patronal de Bauer y Sigel y su 140\u00b0 aniversario. Comenz\u00f3 esa ma\u00f1ana con una misa y procesi\u00f3n en la Capilla San Juan Bautista; luego una batucada con la polic\u00eda de la provincia.<br>Al mediod\u00eda se realiz\u00f3 una raviolada y durante la tarde, un bingo con chocolate y torta, premio al truco y juegos para los m\u00e1s chicos. Asistieron alrededor de 70 personas, junto a las autoridades.<\/p>\n\n\n<div class=\"wp-block-image\">\n<figure class=\"aligncenter size-full is-resized\"><img loading=\"lazy\" decoding=\"async\" width=\"1280\" height=\"960\" src=\"https:\/\/elcristaldigital.org\/wp-content\/uploads\/2025\/06\/Imagen-de-WhatsApp-2025-06-26-a-las-15.30.10_3ff25067.jpg\" alt=\"\" class=\"wp-image-2468\" style=\"width:303px;height:auto\" srcset=\"https:\/\/elcristaldigital.org\/wp-content\/uploads\/2025\/06\/Imagen-de-WhatsApp-2025-06-26-a-las-15.30.10_3ff25067.jpg 1280w, https:\/\/elcristaldigital.org\/wp-content\/uploads\/2025\/06\/Imagen-de-WhatsApp-2025-06-26-a-las-15.30.10_3ff25067-300x225.jpg 300w, https:\/\/elcristaldigital.org\/wp-content\/uploads\/2025\/06\/Imagen-de-WhatsApp-2025-06-26-a-las-15.30.10_3ff25067-768x576.jpg 768w, https:\/\/elcristaldigital.org\/wp-content\/uploads\/2025\/06\/Imagen-de-WhatsApp-2025-06-26-a-las-15.30.10_3ff25067-1200x900.jpg 1200w\" sizes=\"auto, (max-width: 1280px) 100vw, 1280px\" \/><\/figure>\n<\/div>\n\n\n<p><\/p>\n","protected":false},"excerpt":{"rendered":"<p>FIESTAS PARONALES EN BRINKMANN El d\u00eda 24\/05 se llevaron a cabo las fiestas patronales en Brinkmann en conmemoraci\u00f3n a San Bautista. A su vez, se celebr\u00f3 el 44\u00b0 aniversario de la instituci\u00f3n de bomberos voluntarios de la localidad, donde estuvieron presentes sus integrantes, las autoridades, los veteranos de Malvinas y dem\u00e1s representantes de diferentes instituciones. [&hellip;]<\/p>\n","protected":false},"author":1,"featured_media":0,"parent":0,"menu_order":0,"comment_status":"closed","ping_status":"closed","template":"","meta":{"footnotes":""},"class_list":["post-2456","page","type-page","status-publish","hentry"],"_links":{"self":[{"href":"https:\/\/elcristaldigital.org\/index.php\/wp-json\/wp\/v2\/pages\/2456","targetHints":{"allow":["GET"]}}],"collection":[{"href":"https:\/\/elcristaldigital.org\/index.php\/wp-json\/wp\/v2\/pages"}],"about":[{"href":"https:\/\/elcristaldigital.org\/index.php\/wp-json\/wp\/v2\/types\/page"}],"author":[{"embeddable":true,"href":"https:\/\/elcristaldigital.org\/index.php\/wp-json\/wp\/v2\/users\/1"}],"replies":[{"embeddable":true,"href":"https:\/\/elcristaldigital.org\/index.php\/wp-json\/wp\/v2\/comments?post=2456"}],"version-history":[{"count":4,"href":"https:\/\/elcristaldigital.org\/index.php\/wp-json\/wp\/v2\/pages\/2456\/revisions"}],"predecessor-version":[{"id":2469,"href":"https:\/\/elcristaldigital.org\/index.php\/wp-json\/wp\/v2\/pages\/2456\/revisions\/2469"}],"wp:attachment":[{"href":"https:\/\/elcristaldigital.org\/index.php\/wp-json\/wp\/v2\/media?parent=2456"}],"curies":[{"name":"wp","href":"https:\/\/api.w.org\/{rel}","templated":true}]}}