{"id":2386,"date":"2025-06-03T18:00:52","date_gmt":"2025-06-03T21:00:52","guid":{"rendered":"https:\/\/elcristaldigital.org\/?page_id=2386"},"modified":"2025-06-26T17:02:09","modified_gmt":"2025-06-26T20:02:09","slug":"deportes-23","status":"publish","type":"page","link":"https:\/\/elcristaldigital.org\/index.php\/deportes-23\/","title":{"rendered":"Deportes"},"content":{"rendered":"\n<h3 class=\"wp-block-heading alignfull has-text-align-center has-primary-color has-accent-background-color has-text-color has-background has-link-color wp-elements-570a5c81a5ba86a79afc62900f70d4b6\">&#8220;S\u00daPER DEPOR&#8221;<\/h3>\n\n\n\n<p>El pasado domingo 1 de Junio el Futbol Mayor del Deportivo Ramona se enfrent\u00f3 a Belgrano de San Antonio por la Primera Fecha del Torneo Clausura. El Depor no pudo con Belgrano perdiendo 2 a 1 con gol de Alfredo Infeld. La Reserva por su parte fue derrotada por 2 a 0.<\/p>\n\n\n<div class=\"wp-block-image\">\n<figure class=\"aligncenter size-large is-resized\"><img loading=\"lazy\" decoding=\"async\" width=\"810\" height=\"1080\" src=\"https:\/\/elcristaldigital.org\/wp-content\/uploads\/2025\/06\/Imagen-de-WhatsApp-2025-06-03-a-las-16.32.09_fee4fa2a-810x1080.jpg\" alt=\"\" class=\"wp-image-2391\" style=\"width:342px;height:auto\" srcset=\"https:\/\/elcristaldigital.org\/wp-content\/uploads\/2025\/06\/Imagen-de-WhatsApp-2025-06-03-a-las-16.32.09_fee4fa2a-810x1080.jpg 810w, https:\/\/elcristaldigital.org\/wp-content\/uploads\/2025\/06\/Imagen-de-WhatsApp-2025-06-03-a-las-16.32.09_fee4fa2a-225x300.jpg 225w, https:\/\/elcristaldigital.org\/wp-content\/uploads\/2025\/06\/Imagen-de-WhatsApp-2025-06-03-a-las-16.32.09_fee4fa2a-768x1024.jpg 768w, https:\/\/elcristaldigital.org\/wp-content\/uploads\/2025\/06\/Imagen-de-WhatsApp-2025-06-03-a-las-16.32.09_fee4fa2a-1152x1536.jpg 1152w, https:\/\/elcristaldigital.org\/wp-content\/uploads\/2025\/06\/Imagen-de-WhatsApp-2025-06-03-a-las-16.32.09_fee4fa2a.jpg 1200w\" sizes=\"auto, (max-width: 810px) 100vw, 810px\" \/><\/figure>\n<\/div>\n\n\n<h3 class=\"wp-block-heading alignfull has-text-align-center has-primary-color has-accent-background-color has-text-color has-background has-link-color wp-elements-8467036dab5772becd9d08b3157e7a84\">CERTAMEN SANTAFECINO DE KARTING<\/h3>\n\n\n\n<p>El pasado fin de semana 31 de Mayo y 1 de Junio el Certamen Santafesino de Karting estuvo presente en Mar\u00eda Juana disputando la 4 fecha del campeonato. En el cual particip\u00f3 Tomas Panero obteniendo la 5ta posici\u00f3n en la carrera y el sub campeonato del Torneo de Verano.<\/p>\n\n\n<div class=\"wp-block-image\">\n<figure class=\"aligncenter size-full is-resized\"><img loading=\"lazy\" decoding=\"async\" width=\"720\" height=\"649\" src=\"https:\/\/elcristaldigital.org\/wp-content\/uploads\/2025\/06\/Imagen-de-WhatsApp-2025-06-03-a-las-18.07.28_99e8ad96.jpg\" alt=\"\" class=\"wp-image-2393\" style=\"width:391px;height:auto\" srcset=\"https:\/\/elcristaldigital.org\/wp-content\/uploads\/2025\/06\/Imagen-de-WhatsApp-2025-06-03-a-las-18.07.28_99e8ad96.jpg 720w, https:\/\/elcristaldigital.org\/wp-content\/uploads\/2025\/06\/Imagen-de-WhatsApp-2025-06-03-a-las-18.07.28_99e8ad96-300x270.jpg 300w\" sizes=\"auto, (max-width: 720px) 100vw, 720px\" \/><\/figure>\n<\/div>\n\n\n<h3 class=\"wp-block-heading alignfull has-text-align-center has-primary-color has-accent-background-color has-text-color has-background has-link-color wp-elements-fac8cf20c766dc95093090b532d7afc8\">MIDGET DEL LITORAL<\/h3>\n\n\n\n<p>El Midgets Del Litoral estuvo presente en la localidad de Vila disputando la 10ma fecha del Torneo Anual. En ella estuvo presente Saimon \u201cEl Toro&#8221; Cuenca \u00e9l nos comentaba que en la fecha logro el primer puesto en la categor\u00eda mini midgets.<\/p>\n\n\n\n<h3 class=\"wp-block-heading alignfull has-text-align-center has-primary-color has-accent-background-color has-text-color has-background has-link-color wp-elements-570a5c81a5ba86a79afc62900f70d4b6\">&#8220;S\u00daPER DEPOR&#8221;<\/h3>\n\n\n\n<p>El s\u00e1bado 7 de junio disputando la fecha 11 del Torneo Apertura de La Liga Rafaelina<br>de F\u00fatbol, el Depor se enfrento a San Antonio, belgrano solo presento 2 categor\u00edas, octava y sexta, los resultados fueron.<br>Octava divisi\u00f3n: obtuvo la victoria por 2 a 1 con goles de Bayron Rickert.<br>Sexta divisi\u00f3n: gan\u00f3 por la m\u00ednima 1 a 0 con gol de Santiago Sarra.<\/p>\n\n\n\n<p>El pasado domingo 8 de junio pasando la 2da fecha del torneo clausura de la Liga Rafaelina de F\u00fatbol el Depor se enfrento a Bella Italia.<br>Primera divisi\u00f3n: fue empate 1 a 1 con gol de Alfredo Infeld.<br>Reserva divisi\u00f3n: fue empate 1 a 1 con gol de Lautaro Cassani<\/p>\n\n\n\n<h3 class=\"wp-block-heading alignfull has-text-align-center has-primary-color has-accent-background-color has-text-color has-background has-link-color wp-elements-570a5c81a5ba86a79afc62900f70d4b6\">&#8220;S\u00daPER DEPOR&#8221;<\/h3>\n\n\n\n<p>El pasado s\u00e1bado 14 las inferiores del Depor se enfrentaron a Vila disputando la fecha n\u00famero 12, los resultados son:<br>Novena: 3 a 1 goles de Thiago Masuero<br>Octava: 2 a 1 uno de los tantos fue en contra y el otro lo anot\u00f3 Mat\u00edas Rold\u00e1n<br>S\u00e9ptima: perdi\u00f3 1 a 0<br>Sexta: perdi\u00f3 1 a 0<\/p>\n\n\n\n<p>El pasado domingo 15 de Junio el futbol mayor del Deportivo Ramona estuvo presente en San Cristobal disputando la 3ra fecha del torneo clausura los resultados fueron:<br>Primera divisi\u00f3n fue derrota por 2 a 0.<br>Reserva divisi\u00f3n fue empate 1 a 1.<\/p>\n\n\n\n<h3 class=\"wp-block-heading alignfull has-text-align-center has-primary-color has-accent-background-color has-text-color has-background has-link-color wp-elements-20e93d0d00372c13b782a007d6094c04\">C.A.M.<\/h3>\n\n\n\n<p>El pasado fin de semana 21 y 22 en la localidad estuvo presente el Certamen Argentino de Motociclismo (CAM) donde 185 pilotos estuvieron presentes en las diferentes categor\u00edas.<br>Estuvieron presentes dos pilotos locales, Isa\u00edas Ardiles y Nicol\u00e1s Carballo, los resultados de los mismos no fueron los esperados, pero ellos nos comentaron que, \u201cno estamos buscando resultados si no que estamos tratando de sumar experiencia\u201d.<br>Tambi\u00e9n le pudimos preguntar a algunos pilotos como sintieron la pista y nos contaron que, \u201cel piso de la pista es uno de los mejores que presentaron hasta el momento, ya que las \u00faltimas fechas el piso de las no fueron las mejores\u201d.<br>El Club supo c\u00f3mo afrontar este maravilloso escenario con m\u00faltiples variedades de comidas y bebidas. Este hermoso espect\u00e1culo fue un \u00e9xito de todas las maneras posibles.<br>El club agradece a todas las personas que colaboraron y formaron parte para llevar a este espect\u00e1culo que solo pasa una vez al a\u00f1o.<\/p>\n\n\n\n<figure class=\"wp-block-image size-large\"><img loading=\"lazy\" decoding=\"async\" width=\"2560\" height=\"1440\" src=\"https:\/\/elcristaldigital.org\/wp-content\/uploads\/2025\/06\/Imagen-de-WhatsApp-2025-06-26-a-las-15.49.01_5bb1393c-edited-scaled.jpg\" alt=\"\" class=\"wp-image-2465\" srcset=\"https:\/\/elcristaldigital.org\/wp-content\/uploads\/2025\/06\/Imagen-de-WhatsApp-2025-06-26-a-las-15.49.01_5bb1393c-edited-scaled.jpg 2560w, https:\/\/elcristaldigital.org\/wp-content\/uploads\/2025\/06\/Imagen-de-WhatsApp-2025-06-26-a-las-15.49.01_5bb1393c-edited-300x169.jpg 300w, https:\/\/elcristaldigital.org\/wp-content\/uploads\/2025\/06\/Imagen-de-WhatsApp-2025-06-26-a-las-15.49.01_5bb1393c-edited-1920x1080.jpg 1920w, https:\/\/elcristaldigital.org\/wp-content\/uploads\/2025\/06\/Imagen-de-WhatsApp-2025-06-26-a-las-15.49.01_5bb1393c-edited-768x432.jpg 768w, https:\/\/elcristaldigital.org\/wp-content\/uploads\/2025\/06\/Imagen-de-WhatsApp-2025-06-26-a-las-15.49.01_5bb1393c-edited-1536x864.jpg 1536w, https:\/\/elcristaldigital.org\/wp-content\/uploads\/2025\/06\/Imagen-de-WhatsApp-2025-06-26-a-las-15.49.01_5bb1393c-edited-2048x1152.jpg 2048w, https:\/\/elcristaldigital.org\/wp-content\/uploads\/2025\/06\/Imagen-de-WhatsApp-2025-06-26-a-las-15.49.01_5bb1393c-edited-1200x675.jpg 1200w, https:\/\/elcristaldigital.org\/wp-content\/uploads\/2025\/06\/Imagen-de-WhatsApp-2025-06-26-a-las-15.49.01_5bb1393c-edited-1980x1114.jpg 1980w\" sizes=\"auto, (max-width: 2560px) 100vw, 2560px\" \/><\/figure>\n\n\n\n<h3 class=\"wp-block-heading alignfull has-text-align-center has-primary-color has-accent-background-color has-text-color has-background has-link-color wp-elements-570a5c81a5ba86a79afc62900f70d4b6\">&#8220;S\u00daPER DEPOR&#8221;<\/h3>\n\n\n\n<p>El anterior jueves 19\/06 el s\u00faper depor se enfrent\u00f3 contra Villa San Jos\u00e9 los resultados fueron:<br>Reserva gan\u00f3 2-1 goles de El\u00edas Vicedo Rico y Mat\u00edas Depetris<br>Primera: empat\u00f3 2-2 goles de El\u00edas Guti\u00e9rrez y\u00a0Lautaro\u00a0Cassani.<\/p>\n\n\n\n<p>El s\u00e1bado 21\/06 las inferiores del Deportivo Ramona contra Juventud Unida los resultados fueron:<br>S\u00e9ptima gan\u00f3 3-1 goles de Alan Grimaldi, Thiago Ver\u00f3n y Juan Ignacio Luciano<br>Sexta gan\u00f3 2-0 goles de M\u00e1ximo Balbo y Nicol\u00e1s\u00a0Montenegro<\/p>\n","protected":false},"excerpt":{"rendered":"<p>&#8220;S\u00daPER DEPOR&#8221; El pasado domingo 1 de Junio el Futbol Mayor del Deportivo Ramona se enfrent\u00f3 a Belgrano de San Antonio por la Primera Fecha del Torneo Clausura. El Depor no pudo con Belgrano perdiendo 2 a 1 con gol de Alfredo Infeld. La Reserva por su parte fue derrotada por 2 a 0. CERTAMEN [&hellip;]<\/p>\n","protected":false},"author":1,"featured_media":0,"parent":0,"menu_order":0,"comment_status":"closed","ping_status":"closed","template":"","meta":{"footnotes":""},"class_list":["post-2386","page","type-page","status-publish","hentry"],"_links":{"self":[{"href":"https:\/\/elcristaldigital.org\/index.php\/wp-json\/wp\/v2\/pages\/2386","targetHints":{"allow":["GET"]}}],"collection":[{"href":"https:\/\/elcristaldigital.org\/index.php\/wp-json\/wp\/v2\/pages"}],"about":[{"href":"https:\/\/elcristaldigital.org\/index.php\/wp-json\/wp\/v2\/types\/page"}],"author":[{"embeddable":true,"href":"https:\/\/elcristaldigital.org\/index.php\/wp-json\/wp\/v2\/users\/1"}],"replies":[{"embeddable":true,"href":"https:\/\/elcristaldigital.org\/index.php\/wp-json\/wp\/v2\/comments?post=2386"}],"version-history":[{"count":11,"href":"https:\/\/elcristaldigital.org\/index.php\/wp-json\/wp\/v2\/pages\/2386\/revisions"}],"predecessor-version":[{"id":2477,"href":"https:\/\/elcristaldigital.org\/index.php\/wp-json\/wp\/v2\/pages\/2386\/revisions\/2477"}],"wp:attachment":[{"href":"https:\/\/elcristaldigital.org\/index.php\/wp-json\/wp\/v2\/media?parent=2386"}],"curies":[{"name":"wp","href":"https:\/\/api.w.org\/{rel}","templated":true}]}}