{"id":2251,"date":"2025-05-08T15:21:07","date_gmt":"2025-05-08T18:21:07","guid":{"rendered":"https:\/\/elcristaldigital.org\/?page_id=2251"},"modified":"2025-05-22T15:18:32","modified_gmt":"2025-05-22T18:18:32","slug":"efemerides-10","status":"publish","type":"page","link":"https:\/\/elcristaldigital.org\/index.php\/efemerides-10\/","title":{"rendered":"Efem\u00e9rides"},"content":{"rendered":"\n<h3 class=\"wp-block-heading alignfull has-text-align-center has-primary-color has-accent-background-color has-text-color has-background has-link-color wp-elements-a2ab4857535859e2e657c7591fad45db\">&#8220;D\u00cdA DE LA CONSTITUCI\u00d3N NACIONAL&#8221;<\/h3>\n\n\n\n<p>El D\u00eda de la Constituci\u00f3n Nacional se celebra en Argentina para conmemorar la aprobaci\u00f3n de la Constituci\u00f3n Nacional el 1 de mayo de 1853. Esta Constituci\u00f3n es la ley suprema del pa\u00eds y estableci\u00f3 las bases del sistema pol\u00edtico y jur\u00eddico que rige en la actualidad. <\/p>\n\n\n\n<h3 class=\"wp-block-heading alignfull has-text-align-center has-primary-color has-accent-background-color has-text-color has-background has-link-color wp-elements-16de42ec390866ecc0976ae0087a435e\">&#8220;D\u00cdA INTERNACIONAL DEL TRABAJADOR&#8221;<\/h3>\n\n\n\n<p>El D\u00eda Internacional del Trabajador se celebra el 1 de mayo en conmemoraci\u00f3n de la lucha obrera por mejores condiciones laborales, especialmente la jornada de 8 horas. Surgi\u00f3 tras las protestas de Chicago en 1886 y hoy es un d\u00eda de reivindicaci\u00f3n de los derechos laborales.<\/p>\n\n\n\n<h3 class=\"wp-block-heading alignfull has-text-align-center has-primary-color has-accent-background-color has-text-color has-background has-link-color wp-elements-607b62df95c2f551ebf5213b5bf43966\">&#8220;D\u00cdA DE LA ESCARAPELA&#8221;<\/h3>\n\n\n\n<p>El D\u00eda de la Escarapela se celebra en Argentina el 18 de mayo. Conmemora la creaci\u00f3n de uno de los primeros s\u00edmbolos patrios, la escarapela nacional, adoptada en 1812 por pedido de Manuel Belgrano. Representa la identidad y unidad del pueblo argentino.<\/p>\n\n\n\n<h3 class=\"wp-block-heading alignfull has-text-align-center has-primary-color has-accent-background-color has-text-color has-background has-link-color wp-elements-068839481a8cc83a5e58da134a9d7006\">&#8220;D\u00cdA DE LA REVOLUCI\u00d3N DE MAYO&#8221;<\/h3>\n\n\n\n<p>En Argentina, los 25 de Mayo de cada a\u00f1o se conmemora la Revoluci\u00f3n de Mayo que constituye el nacimiento de nuestro primer gobierno patrio en el a\u00f1o 1810. Antes del a\u00f1o 1810 no exist\u00eda nuestra Naci\u00f3n como la conocemos hoy.<\/p>\n","protected":false},"excerpt":{"rendered":"<p>&#8220;D\u00cdA DE LA CONSTITUCI\u00d3N NACIONAL&#8221; El D\u00eda de la Constituci\u00f3n Nacional se celebra en Argentina para conmemorar la aprobaci\u00f3n de la Constituci\u00f3n Nacional el 1 de mayo de 1853. Esta Constituci\u00f3n es la ley suprema del pa\u00eds y estableci\u00f3 las bases del sistema pol\u00edtico y jur\u00eddico que rige en la actualidad. &#8220;D\u00cdA INTERNACIONAL DEL TRABAJADOR&#8221; [&hellip;]<\/p>\n","protected":false},"author":1,"featured_media":0,"parent":0,"menu_order":0,"comment_status":"closed","ping_status":"closed","template":"","meta":{"footnotes":""},"class_list":["post-2251","page","type-page","status-publish","hentry"],"_links":{"self":[{"href":"https:\/\/elcristaldigital.org\/index.php\/wp-json\/wp\/v2\/pages\/2251","targetHints":{"allow":["GET"]}}],"collection":[{"href":"https:\/\/elcristaldigital.org\/index.php\/wp-json\/wp\/v2\/pages"}],"about":[{"href":"https:\/\/elcristaldigital.org\/index.php\/wp-json\/wp\/v2\/types\/page"}],"author":[{"embeddable":true,"href":"https:\/\/elcristaldigital.org\/index.php\/wp-json\/wp\/v2\/users\/1"}],"replies":[{"embeddable":true,"href":"https:\/\/elcristaldigital.org\/index.php\/wp-json\/wp\/v2\/comments?post=2251"}],"version-history":[{"count":4,"href":"https:\/\/elcristaldigital.org\/index.php\/wp-json\/wp\/v2\/pages\/2251\/revisions"}],"predecessor-version":[{"id":2332,"href":"https:\/\/elcristaldigital.org\/index.php\/wp-json\/wp\/v2\/pages\/2251\/revisions\/2332"}],"wp:attachment":[{"href":"https:\/\/elcristaldigital.org\/index.php\/wp-json\/wp\/v2\/media?parent=2251"}],"curies":[{"name":"wp","href":"https:\/\/api.w.org\/{rel}","templated":true}]}}