{"id":2029,"date":"2024-12-05T16:37:22","date_gmt":"2024-12-05T19:37:22","guid":{"rendered":"https:\/\/elcristaldigital.org\/?page_id=2029"},"modified":"2025-05-06T18:15:53","modified_gmt":"2025-05-06T21:15:53","slug":"deportes-20","status":"publish","type":"page","link":"https:\/\/elcristaldigital.org\/index.php\/deportes-20\/","title":{"rendered":"Deportes"},"content":{"rendered":"\n<h3 class=\"wp-block-heading alignfull has-text-align-center has-primary-color has-accent-background-color has-text-color has-background has-link-color wp-elements-570a5c81a5ba86a79afc62900f70d4b6\">&#8220;S\u00daPER DEPOR&#8221;<\/h3>\n\n\n\n<p>Las divisiones inferiores del Depor se enfrentaron a el Deportivo Tacural que solo tiene dos categor\u00edas, octava y sexta, la octava del Deportivo Ramona fue derrotada por 2 a 1 con gol de Bayron Rickert. La sexta fue ganadora en esta ocasi\u00f3n por 2 a 1 con goles de Santiago Sarra y Santino Alvez.<br>Tras de 3ra fecha de la Liga Rafaelina de F\u00fatbol el Super Depor enfrent\u00f3 a Independiente de San Cristobal, ganando por 2 a 1 con goles de Misael Grimaldi y Juli\u00e1n Sola. El Deportivo Ramona es puntero solo del campeonato con 9 puntos y tratar\u00e1 de seguir sumando para lograr el tan preciado ascenso.<br>La divisi\u00f3n reserva fue empate 1 a 1 con gol de Ignacio Veliz.<\/p>\n\n\n<div class=\"wp-block-image\">\n<figure class=\"aligncenter size-large is-resized\"><img loading=\"lazy\" decoding=\"async\" width=\"810\" height=\"1080\" src=\"https:\/\/elcristaldigital.org\/wp-content\/uploads\/2025\/04\/Imagen-de-WhatsApp-2025-04-08-a-las-18.16.04_038a7730-2-810x1080.jpg\" alt=\"\" class=\"wp-image-2190\" style=\"width:254px;height:auto\" srcset=\"https:\/\/elcristaldigital.org\/wp-content\/uploads\/2025\/04\/Imagen-de-WhatsApp-2025-04-08-a-las-18.16.04_038a7730-2-810x1080.jpg 810w, https:\/\/elcristaldigital.org\/wp-content\/uploads\/2025\/04\/Imagen-de-WhatsApp-2025-04-08-a-las-18.16.04_038a7730-2-225x300.jpg 225w, https:\/\/elcristaldigital.org\/wp-content\/uploads\/2025\/04\/Imagen-de-WhatsApp-2025-04-08-a-las-18.16.04_038a7730-2-768x1024.jpg 768w, https:\/\/elcristaldigital.org\/wp-content\/uploads\/2025\/04\/Imagen-de-WhatsApp-2025-04-08-a-las-18.16.04_038a7730-2-1152x1536.jpg 1152w, https:\/\/elcristaldigital.org\/wp-content\/uploads\/2025\/04\/Imagen-de-WhatsApp-2025-04-08-a-las-18.16.04_038a7730-2.jpg 1200w\" sizes=\"auto, (max-width: 810px) 100vw, 810px\" \/><\/figure>\n<\/div>\n\n\n<h3 class=\"wp-block-heading alignfull has-text-align-center has-primary-color has-accent-background-color has-text-color has-background has-link-color wp-elements-570a5c81a5ba86a79afc62900f70d4b6\">&#8220;S\u00daPER DEPOR&#8221;<\/h3>\n\n\n\n<p>El s\u00e1bado 12 de abril El Depor estuvo presente en la localidad de Aldao con las categor\u00edas inferiores disputando la 4 fecha del Torneo Apertura de la Liga Rafaelina los resultados fueron:<br>Categor\u00eda Novena:3 a 2<br>Categor\u00eda Octava: 0 a 3<br>Categor\u00eda S\u00e9ptima:0 a 2<br>Categor\u00eda Sexta: 0 a 0<\/p>\n\n\n\n<p>La primera divisi\u00f3n del Super Depor enfrenta a la Villa San Jos\u00e9, disputando la 4ta fecha del Torneo Apertura de la Liga Rafaelina, los resultados fueron:<br>Primera divisi\u00f3n: fue empate por 1 a 1<br>Divisi\u00f3n reserva: fue goleada por 5 a 1<\/p>\n\n\n\n<h3 class=\"wp-block-heading alignfull has-text-align-center has-primary-color has-accent-background-color has-text-color has-background has-link-color wp-elements-a2524f6727e08067c6e1906ecbff1051\">&#8220;SUPER DEPOR&#8221;<\/h3>\n\n\n\n<p>El s\u00e1bado 19 de abril las inferiores del Depor se enfrentaron a Lehman no obteniendo los resultado esperados.<br>Novena divisi\u00f3n: 0 a 1<br>Octava divisi\u00f3n: 0 a 3<br>S\u00e9ptima divisi\u00f3n:1 a 2<br>Sexta divisi\u00f3n: 0 a 1<\/p>\n\n\n\n<p>El deportivo Ramona se enfrento a Humberto Primo por la quinta fecha del Torneo Apertura de la Liga Rafaelina de F\u00fatbol, la primera divisi\u00f3n del depor cay\u00f3 por la m\u00ednima de 2 a 1con gol de Alfredo Infeld quedando as\u00ed en el tercer puesto de la tabla, a solo 3 puntos del primero. La divisi\u00f3n reserva gan\u00f3 por 1 a o con gol de Ignacio Veliz<\/p>\n\n\n\n<h3 class=\"wp-block-heading alignfull has-text-align-center has-primary-color has-accent-background-color has-text-color has-background has-link-color wp-elements-570a5c81a5ba86a79afc62900f70d4b6\">&#8220;S\u00daPER DEPOR&#8221;<\/h3>\n\n\n\n<p>El s\u00e1bado 26 de abril las categor\u00edas inferiores del Depor se enfrentaron contra Mois\u00e9s Ville los resultados fueron. <\/p>\n\n\n\n<p>Novena divisi\u00f3n: 0 a 0<\/p>\n\n\n\n<p> Octava divisi\u00f3n: 0 a 4<\/p>\n\n\n\n<p> S\u00e9ptima divisi\u00f3n: 0 a 1<\/p>\n\n\n\n<p>Sexta divisi\u00f3n: 1 a 1 gol de M\u00e1ximo Balbo.<\/p>\n\n\n\n<h3 class=\"wp-block-heading alignfull has-text-align-center has-primary-color has-accent-background-color has-text-color has-background has-link-color wp-elements-a2524f6727e08067c6e1906ecbff1051\">&#8220;SUPER DEPOR&#8221;<\/h3>\n\n\n\n<p>El s\u00e1bado 3 de mayo las inferiores del Depor recibi\u00f3 al Sunchales Cycles Club que tan solo tiene 2 categor\u00edas. El depor logro llevarse los 12 puntos para la tabla general.<br>Los resultados fueron:                                                                        Octava divisi\u00f3n: fue victoria por 5 a 1 con goles de Gutierrez Geronimo (x3) y Vicedo Rico Lautaro (x2).<br>La sexta divisi\u00f3n: gole\u00f3 por 8 a 0 con goles de Molina Emanu\u00e9l (x3), Montenegro Nicol\u00e1s, Bessone Andr\u00e9s, Zampar Francisco, Sarra Santiago y por \u00faltimo Alvez Santino.<\/p>\n\n\n\n<p><br>El domingo 4 de mayo en las divisiones mayores del Super Depor se enfrent\u00f3 a Mois\u00e9s<br>Ville no obteniendo los resultados esperados. Primera divisi\u00f3n: fue empate 0 a 0. Reserva<br>divisi\u00f3n: cay\u00f3 por 4 a 2 con goles de Spurio Brian y Acosta Alexander<\/p>\n\n\n<div class=\"wp-block-image\">\n<figure class=\"aligncenter size-large is-resized\"><img loading=\"lazy\" decoding=\"async\" width=\"810\" height=\"1080\" src=\"https:\/\/elcristaldigital.org\/wp-content\/uploads\/2025\/05\/Imagen-de-WhatsApp-2025-05-06-a-las-18.14.32_a6e3a5dd-810x1080.jpg\" alt=\"\" class=\"wp-image-2230\" style=\"width:280px;height:auto\" srcset=\"https:\/\/elcristaldigital.org\/wp-content\/uploads\/2025\/05\/Imagen-de-WhatsApp-2025-05-06-a-las-18.14.32_a6e3a5dd-810x1080.jpg 810w, https:\/\/elcristaldigital.org\/wp-content\/uploads\/2025\/05\/Imagen-de-WhatsApp-2025-05-06-a-las-18.14.32_a6e3a5dd-225x300.jpg 225w, https:\/\/elcristaldigital.org\/wp-content\/uploads\/2025\/05\/Imagen-de-WhatsApp-2025-05-06-a-las-18.14.32_a6e3a5dd-768x1024.jpg 768w, https:\/\/elcristaldigital.org\/wp-content\/uploads\/2025\/05\/Imagen-de-WhatsApp-2025-05-06-a-las-18.14.32_a6e3a5dd.jpg 960w\" sizes=\"auto, (max-width: 810px) 100vw, 810px\" \/><\/figure>\n<\/div>","protected":false},"excerpt":{"rendered":"<p>&#8220;S\u00daPER DEPOR&#8221; Las divisiones inferiores del Depor se enfrentaron a el Deportivo Tacural que solo tiene dos categor\u00edas, octava y sexta, la octava del Deportivo Ramona fue derrotada por 2 a 1 con gol de Bayron Rickert. La sexta fue ganadora en esta ocasi\u00f3n por 2 a 1 con goles de Santiago Sarra y Santino [&hellip;]<\/p>\n","protected":false},"author":1,"featured_media":0,"parent":0,"menu_order":0,"comment_status":"closed","ping_status":"closed","template":"","meta":{"footnotes":""},"class_list":["post-2029","page","type-page","status-publish","hentry"],"_links":{"self":[{"href":"https:\/\/elcristaldigital.org\/index.php\/wp-json\/wp\/v2\/pages\/2029","targetHints":{"allow":["GET"]}}],"collection":[{"href":"https:\/\/elcristaldigital.org\/index.php\/wp-json\/wp\/v2\/pages"}],"about":[{"href":"https:\/\/elcristaldigital.org\/index.php\/wp-json\/wp\/v2\/types\/page"}],"author":[{"embeddable":true,"href":"https:\/\/elcristaldigital.org\/index.php\/wp-json\/wp\/v2\/users\/1"}],"replies":[{"embeddable":true,"href":"https:\/\/elcristaldigital.org\/index.php\/wp-json\/wp\/v2\/comments?post=2029"}],"version-history":[{"count":9,"href":"https:\/\/elcristaldigital.org\/index.php\/wp-json\/wp\/v2\/pages\/2029\/revisions"}],"predecessor-version":[{"id":2231,"href":"https:\/\/elcristaldigital.org\/index.php\/wp-json\/wp\/v2\/pages\/2029\/revisions\/2231"}],"wp:attachment":[{"href":"https:\/\/elcristaldigital.org\/index.php\/wp-json\/wp\/v2\/media?parent=2029"}],"curies":[{"name":"wp","href":"https:\/\/api.w.org\/{rel}","templated":true}]}}