{"id":1641,"date":"2024-03-14T15:32:50","date_gmt":"2024-03-14T18:32:50","guid":{"rendered":"https:\/\/elcristaldigital.org\/?page_id=1641"},"modified":"2024-06-11T18:22:50","modified_gmt":"2024-06-11T21:22:50","slug":"deportes-16","status":"publish","type":"page","link":"https:\/\/elcristaldigital.org\/index.php\/deportes-16\/","title":{"rendered":"Deportes"},"content":{"rendered":"\n<h2 class=\"wp-block-heading\"><\/h2>\n\n\n\n<h2 class=\"wp-block-heading alignfull has-text-align-center has-primary-color has-accent-background-color has-text-color has-background has-link-color wp-elements-523513bf50f43610d2d31b7d45d495ed\">TORNEO DE F\u00daTBOL: &nbsp;2\u00b0 EDICI\u00d3N 2024<\/h2>\n\n\n\n<p>En nuestra localidad, se llev\u00f3 cabo la 2da edici\u00f3n del torneo ramonense. Comenz\u00f3 el viernes 8 de marzo por la tardecita, continu\u00f3 el s\u00e1bado 9 y culmin\u00f3 el domingo 10 con los partidos finales. Participaron 3 categor\u00edas: 2014, 2015, 2016.<\/p>\n\n\n\n<p>Durante los tres d\u00edas, hubo alrededor de 2200 personas, con aproximadamente 520 ni\u00f1os de equipos de f\u00fatbol de toda la regi\u00f3n.<\/p>\n\n\n\n<p>De la Categor\u00eda 2014, resultaron ganadores en Copa de Oro, la Escuelita La Banda FC y Sportivo Ben Hur. En Copa de Plata, obtuvieron el primer puesto el Deportivo Ramona y en segundo puesto Deportivo Aldao.<\/p>\n\n\n\n<p>En la categor\u00eda 2015, copa de oro, el primer puesto fue para Atl\u00e9tico de Rafaela y el segundo puesto para el Deportivo Ramona. En copa de plata, resultaron ganadores Comadrejitas y en segundo lugar el Deportivo Aldao.<\/p>\n\n\n\n<p>En la categor\u00eda 2016, copa de oro, el primer puesto fue para River de San Francisco y el segundo puesto para Atl\u00e9tico de Rafaela. Finalmente copa de plata de esta categor\u00eda resultaron primeros Ferro de Rafaela y en el segundo lugar el equipo de Pilar.<\/p>\n\n\n\n<p><\/p>\n\n\n<div class=\"wp-block-image\">\n<figure class=\"alignleft size-large is-resized\"><img loading=\"lazy\" decoding=\"async\" width=\"810\" height=\"1080\" src=\"https:\/\/elcristaldigital.org\/wp-content\/uploads\/2024\/03\/asd-810x1080.jpg\" alt=\"\" class=\"wp-image-1680\" style=\"width:420px;height:auto\" srcset=\"https:\/\/elcristaldigital.org\/wp-content\/uploads\/2024\/03\/asd-810x1080.jpg 810w, https:\/\/elcristaldigital.org\/wp-content\/uploads\/2024\/03\/asd-225x300.jpg 225w, https:\/\/elcristaldigital.org\/wp-content\/uploads\/2024\/03\/asd-768x1024.jpg 768w, https:\/\/elcristaldigital.org\/wp-content\/uploads\/2024\/03\/asd-1152x1536.jpg 1152w, https:\/\/elcristaldigital.org\/wp-content\/uploads\/2024\/03\/asd.jpg 1200w\" sizes=\"auto, (max-width: 810px) 100vw, 810px\" \/><\/figure>\n<\/div>\n\n<div class=\"wp-block-image\">\n<figure class=\"alignright size-large is-resized\"><img loading=\"lazy\" decoding=\"async\" width=\"810\" height=\"1080\" src=\"https:\/\/elcristaldigital.org\/wp-content\/uploads\/2024\/03\/aa-810x1080.jpg\" alt=\"\" class=\"wp-image-1682\" style=\"width:427px;height:auto\" srcset=\"https:\/\/elcristaldigital.org\/wp-content\/uploads\/2024\/03\/aa-810x1080.jpg 810w, https:\/\/elcristaldigital.org\/wp-content\/uploads\/2024\/03\/aa-225x300.jpg 225w, https:\/\/elcristaldigital.org\/wp-content\/uploads\/2024\/03\/aa-768x1024.jpg 768w, https:\/\/elcristaldigital.org\/wp-content\/uploads\/2024\/03\/aa-1152x1536.jpg 1152w, https:\/\/elcristaldigital.org\/wp-content\/uploads\/2024\/03\/aa.jpg 1200w\" sizes=\"auto, (max-width: 810px) 100vw, 810px\" \/><\/figure>\n<\/div>\n\n\n<p><\/p>\n\n\n\n<p><\/p>\n\n\n\n<p><\/p>\n\n\n\n<p><\/p>\n\n\n\n<p><\/p>\n\n\n\n<p><\/p>\n\n\n\n<p><\/p>\n\n\n\n<h2 class=\"wp-block-heading alignfull has-text-align-center has-primary-color has-accent-background-color has-text-color has-background has-link-color wp-elements-2afb11ce701acbddf8ba1f54f1c9ef1e\">INFORMACI\u00d3N DEPORTIVA RAMONA<\/h2>\n\n\n\n<p>El pasado fin de semana 04 de mayo en la localidad de Vila, se disput\u00f3 la 3er fecha del campeonato de la Liga Rafaelina, en la cual se jugaron las 4 categor\u00edas.<\/p>\n\n\n\n<p>Los resultados fueron los siguientes:<\/p>\n\n\n\n<p>Novena divisi\u00f3n<\/p>\n\n\n\n<p>Fue una derrota para nuestro deportivo Ramona, en tanto de 2 a 0.<\/p>\n\n\n\n<p>Octava divisi\u00f3n<\/p>\n\n\n\n<p>Fue una derrota, por 3 a 1.<\/p>\n\n\n\n<p>S\u00e9ptima divisi\u00f3n<\/p>\n\n\n\n<p>Fue una victoria para Ramona, en un tanto de 2 a 1.<\/p>\n\n\n\n<p>Sexta divisi\u00f3n<\/p>\n\n\n\n<p>Fue una victoria para Ramona, por 1 a 0.<\/p>\n\n\n\n<p>\u00a1\u00a1\u00a1Vamos los pibes del depor\u2026!!!<\/p>\n\n\n\n<p>INFORMACI\u00d3N DEPORTIVA RAMONA<\/p>\n\n\n\n<p>El pasado fin de semana, en nuestra localidad, se llev\u00f3 a cabo la 4ta fecha del campeonato de la Liga Rafaelina, en la cual nuestro deportivo Ramona, se enfrent\u00f3 ante el Sportivo Santa Clara, estos fueron los siguientes resultados.<\/p>\n\n\n\n<p>Novena divisi\u00f3n<\/p>\n\n\n\n<p>Los peques se impusieron firmemente ante Santa Clara y ganaron logrando un muy buen 2 a 1.<\/p>\n\n\n\n<p>Octava divisi\u00f3n<\/p>\n\n\n\n<p>Fue derrotada x el Sportivo Santa Clara en un tanto de 3 a 1.<\/p>\n\n\n\n<p>S\u00e9ptima divisi\u00f3n<\/p>\n\n\n\n<p>La s\u00e9ptima divisi\u00f3n perdi\u00f3 con un resultado de 1 a 0.<\/p>\n\n\n\n<p>Sexta divisi\u00f3n<\/p>\n\n\n\n<p>El deportivo Ramona, se present\u00f3 firme ante Santa Clara y gano obteniendo un resultado de 2 a 1. Goles de (Elias Vicedo Rico x1 y M\u00e1ximo Balbo x1)<\/p>\n\n\n\n<p>\u00a1\u00a1\u00a1Vamos los pibes del depor\u2026!!!<\/p>\n\n\n\n<h2 class=\"wp-block-heading alignfull has-text-align-center has-primary-color has-accent-background-color has-text-color has-background has-link-color wp-elements-3269d60850c3530d1019fb5859203f60\">A LA MEMORIA DE RAUL CALIGARIS<\/h2>\n\n\n\n<p>En reconocimiento a la trayectoria de uno de los principales exponentes deportivos de Ramona y a ra\u00edz del cumplimiento del vig\u00e9simo aniversario de su fallecimiento, se rindi\u00f3 un sentido homenaje al recordado piloto Ra\u00fal Caligaris, con descubrimiento de placas recordatorias.<\/p>\n\n\n\n<p>La ceremonia tuvo lugar en el circuito que lleva su nombre, propiedad del Centro Cultural y Deportivo Ramona, lugar en el que un monolito lo recuerda, a la vera de un circuito automovil\u00edstico y en el que el \u00faltimo casco que utiliz\u00f3 en su campa\u00f1a ocupa un lugar destacado.<\/p>\n","protected":false},"excerpt":{"rendered":"<p>TORNEO DE F\u00daTBOL: &nbsp;2\u00b0 EDICI\u00d3N 2024 En nuestra localidad, se llev\u00f3 cabo la 2da edici\u00f3n del torneo ramonense. Comenz\u00f3 el viernes 8 de marzo por la tardecita, continu\u00f3 el s\u00e1bado 9 y culmin\u00f3 el domingo 10 con los partidos finales. Participaron 3 categor\u00edas: 2014, 2015, 2016. Durante los tres d\u00edas, hubo alrededor de 2200 personas, [&hellip;]<\/p>\n","protected":false},"author":1,"featured_media":0,"parent":0,"menu_order":0,"comment_status":"closed","ping_status":"closed","template":"","meta":{"footnotes":""},"class_list":["post-1641","page","type-page","status-publish","hentry"],"_links":{"self":[{"href":"https:\/\/elcristaldigital.org\/index.php\/wp-json\/wp\/v2\/pages\/1641","targetHints":{"allow":["GET"]}}],"collection":[{"href":"https:\/\/elcristaldigital.org\/index.php\/wp-json\/wp\/v2\/pages"}],"about":[{"href":"https:\/\/elcristaldigital.org\/index.php\/wp-json\/wp\/v2\/types\/page"}],"author":[{"embeddable":true,"href":"https:\/\/elcristaldigital.org\/index.php\/wp-json\/wp\/v2\/users\/1"}],"replies":[{"embeddable":true,"href":"https:\/\/elcristaldigital.org\/index.php\/wp-json\/wp\/v2\/comments?post=1641"}],"version-history":[{"count":7,"href":"https:\/\/elcristaldigital.org\/index.php\/wp-json\/wp\/v2\/pages\/1641\/revisions"}],"predecessor-version":[{"id":1808,"href":"https:\/\/elcristaldigital.org\/index.php\/wp-json\/wp\/v2\/pages\/1641\/revisions\/1808"}],"wp:attachment":[{"href":"https:\/\/elcristaldigital.org\/index.php\/wp-json\/wp\/v2\/media?parent=1641"}],"curies":[{"name":"wp","href":"https:\/\/api.w.org\/{rel}","templated":true}]}}