{"id":1451,"date":"2023-04-11T18:02:08","date_gmt":"2023-04-11T21:02:08","guid":{"rendered":"https:\/\/elcristaldigital.org\/?page_id=1451"},"modified":"2023-04-11T18:18:54","modified_gmt":"2023-04-11T21:18:54","slug":"efemerides-3","status":"publish","type":"page","link":"https:\/\/elcristaldigital.org\/index.php\/efemerides-3\/","title":{"rendered":"Efemerides"},"content":{"rendered":"\n<h2 class=\"wp-block-heading alignfull has-text-align-center has-background\" style=\"background-color:#55f26c\">2 DE ABRIL: &#8220;D\u00cdA DEL VETERANO Y  DE LOS CA\u00cdDOS EN MALVINAS&#8221;<\/h2>\n\n\n\n<p>El d\u00eda domingo 2 de abril se realiz\u00f3 el acto publico en frente de la sede comunal del pueblo Ramona sobre el &#8220;D\u00eda del veterano y de los ca\u00eddos en la guerra de las Malvinas.&#8221;<br>Tuvieron de invitados a los 9 ex combatientes del pueblo quienes en ese acto recibieron un reconocimiento por defender aquel a\u00f1o 1982 a las Malvinas .<br>Tambi\u00e9n se cre\u00f3 un monumento como agradecimiento por luchar por aquella guerra que tuvieron que afrontar j\u00f3venes afrontando duras condiciones de vida. Pero las Malvinas son argentinas gracias a ellos.<\/p>\n\n\n<div class=\"wp-block-image\">\n<figure class=\"aligncenter size-large is-resized\"><img loading=\"lazy\" decoding=\"async\" src=\"https:\/\/elcristaldigital.org\/wp-content\/uploads\/2023\/04\/image-838x1080.png\" alt=\"\" class=\"wp-image-1456\" width=\"329\" height=\"424\" srcset=\"https:\/\/elcristaldigital.org\/wp-content\/uploads\/2023\/04\/image-838x1080.png 838w, https:\/\/elcristaldigital.org\/wp-content\/uploads\/2023\/04\/image-233x300.png 233w, https:\/\/elcristaldigital.org\/wp-content\/uploads\/2023\/04\/image-768x990.png 768w, https:\/\/elcristaldigital.org\/wp-content\/uploads\/2023\/04\/image.png 993w\" sizes=\"auto, (max-width: 329px) 100vw, 329px\" \/><\/figure>\n<\/div>\n\n\n<p>El d\u00eda lunes 3 de abril se realiz\u00f3 el acto en la escuela E.E.S.O.P.I N\u00b03023 &#8220;San Jos\u00e9 De Calasanz&#8221; sobre este hecho hist\u00f3rico.<br>Tuvimos como invitados al ex combatiente Gerardo Possetto, que nos coment\u00f3 todo lo que se vivi\u00f3 aquellos d\u00edas en el a\u00f1o 1982 , lamentablemente 649 ex combatientes no pudieron contar su historia.<br>Se reconoci\u00f3 unos de los trabajos por las Malvinas en murales establecido en la materia de arte con la profesora Marcela Tesio y los alumnos de segundo y tercer a\u00f1o.<\/p>\n\n\n<div class=\"wp-block-image\">\n<figure class=\"aligncenter size-large is-resized\"><img loading=\"lazy\" decoding=\"async\" src=\"https:\/\/elcristaldigital.org\/wp-content\/uploads\/2023\/04\/image-1-1440x1080.png\" alt=\"\" class=\"wp-image-1458\" width=\"404\" height=\"302\" srcset=\"https:\/\/elcristaldigital.org\/wp-content\/uploads\/2023\/04\/image-1-1440x1080.png 1440w, https:\/\/elcristaldigital.org\/wp-content\/uploads\/2023\/04\/image-1-300x225.png 300w, https:\/\/elcristaldigital.org\/wp-content\/uploads\/2023\/04\/image-1-768x576.png 768w, https:\/\/elcristaldigital.org\/wp-content\/uploads\/2023\/04\/image-1-1536x1152.png 1536w, https:\/\/elcristaldigital.org\/wp-content\/uploads\/2023\/04\/image-1-1200x900.png 1200w, https:\/\/elcristaldigital.org\/wp-content\/uploads\/2023\/04\/image-1.png 1600w\" sizes=\"auto, (max-width: 404px) 100vw, 404px\" \/><\/figure>\n<\/div>","protected":false},"excerpt":{"rendered":"<p>2 DE ABRIL: &#8220;D\u00cdA DEL VETERANO Y DE LOS CA\u00cdDOS EN MALVINAS&#8221; El d\u00eda domingo 2 de abril se realiz\u00f3 el acto publico en frente de la sede comunal del pueblo Ramona sobre el &#8220;D\u00eda del veterano y de los ca\u00eddos en la guerra de las Malvinas.&#8221;Tuvieron de invitados a los 9 ex combatientes del [&hellip;]<\/p>\n","protected":false},"author":1,"featured_media":0,"parent":0,"menu_order":0,"comment_status":"closed","ping_status":"closed","template":"","meta":{"footnotes":""},"class_list":["post-1451","page","type-page","status-publish","hentry"],"_links":{"self":[{"href":"https:\/\/elcristaldigital.org\/index.php\/wp-json\/wp\/v2\/pages\/1451","targetHints":{"allow":["GET"]}}],"collection":[{"href":"https:\/\/elcristaldigital.org\/index.php\/wp-json\/wp\/v2\/pages"}],"about":[{"href":"https:\/\/elcristaldigital.org\/index.php\/wp-json\/wp\/v2\/types\/page"}],"author":[{"embeddable":true,"href":"https:\/\/elcristaldigital.org\/index.php\/wp-json\/wp\/v2\/users\/1"}],"replies":[{"embeddable":true,"href":"https:\/\/elcristaldigital.org\/index.php\/wp-json\/wp\/v2\/comments?post=1451"}],"version-history":[{"count":2,"href":"https:\/\/elcristaldigital.org\/index.php\/wp-json\/wp\/v2\/pages\/1451\/revisions"}],"predecessor-version":[{"id":1459,"href":"https:\/\/elcristaldigital.org\/index.php\/wp-json\/wp\/v2\/pages\/1451\/revisions\/1459"}],"wp:attachment":[{"href":"https:\/\/elcristaldigital.org\/index.php\/wp-json\/wp\/v2\/media?parent=1451"}],"curies":[{"name":"wp","href":"https:\/\/api.w.org\/{rel}","templated":true}]}}