{"id":1203,"date":"2022-11-08T17:37:22","date_gmt":"2022-11-08T20:37:22","guid":{"rendered":"https:\/\/elcristaldigital.org\/?page_id=1203"},"modified":"2022-11-08T17:45:04","modified_gmt":"2022-11-08T20:45:04","slug":"instituciones-4","status":"publish","type":"page","link":"https:\/\/elcristaldigital.org\/index.php\/instituciones-4\/","title":{"rendered":"Instituciones"},"content":{"rendered":"\n<h4 class=\"has-text-align-center has-background wp-block-heading\" style=\"background-color:#49a24a\">Viaje de estudio: San Carlos &#8211; Santa Fe y Paran\u00e1<\/h4>\n\n\n\n<p>SAN CARLOS -SANTA FE Y PARAN\u00c1<br>Fecha: 12 de octubre de 2022<br>Alumnos del Anexo N\u00b011 de Ramona, de la Escuela para J\u00f3venes y Adultos N\u00b021 &#8220;Libertador Gral San Mart\u00edn&#8221; , en conjunto con la Escuela Sede y Anexos de Rafaela, Lehmann, Humberto y Nueva Lehmann.<br>Visitaron la Cristaler\u00eda San Carlos, en San Carlos Centro.<br>En Paran\u00e1, el centro de comando y nuevos museos del T\u00fanel Subfluvial.<br>En Santa Fe, la Cervecer\u00eda &#8220;Santa Fe&#8221;, la f\u00e1brica de cacao &#8220;EL Quill\u00e1&#8221;, la Casa de Gbno, el casco hist\u00f3rico y la costanera.<br>\u00a1Hermosa experiencia compartida entre alumnos, docentes y directivos de centros de Educaci\u00f3n para J\u00f3venes y Adultos!<\/p>\n\n\n\n<figure class=\"wp-block-gallery has-nested-images columns-default is-cropped wp-block-gallery-1 is-layout-flex wp-block-gallery-is-layout-flex\">\n<figure class=\"wp-block-image size-large\"><img loading=\"lazy\" decoding=\"async\" width=\"1280\" height=\"1052\" data-id=\"1209\" src=\"https:\/\/elcristaldigital.org\/wp-content\/uploads\/2022\/11\/viaje-1.jpg\" alt=\"\" class=\"wp-image-1209\" srcset=\"https:\/\/elcristaldigital.org\/wp-content\/uploads\/2022\/11\/viaje-1.jpg 1280w, https:\/\/elcristaldigital.org\/wp-content\/uploads\/2022\/11\/viaje-1-300x247.jpg 300w, https:\/\/elcristaldigital.org\/wp-content\/uploads\/2022\/11\/viaje-1-768x631.jpg 768w, https:\/\/elcristaldigital.org\/wp-content\/uploads\/2022\/11\/viaje-1-1200x986.jpg 1200w\" sizes=\"auto, (max-width: 1280px) 100vw, 1280px\" \/><\/figure>\n\n\n\n<figure class=\"wp-block-image size-large\"><img loading=\"lazy\" decoding=\"async\" width=\"1080\" height=\"996\" data-id=\"1208\" src=\"https:\/\/elcristaldigital.org\/wp-content\/uploads\/2022\/11\/viaje-2.jpg\" alt=\"\" class=\"wp-image-1208\" srcset=\"https:\/\/elcristaldigital.org\/wp-content\/uploads\/2022\/11\/viaje-2.jpg 1080w, https:\/\/elcristaldigital.org\/wp-content\/uploads\/2022\/11\/viaje-2-300x277.jpg 300w, https:\/\/elcristaldigital.org\/wp-content\/uploads\/2022\/11\/viaje-2-768x708.jpg 768w\" sizes=\"auto, (max-width: 1080px) 100vw, 1080px\" \/><\/figure>\n<\/figure>\n","protected":false},"excerpt":{"rendered":"<p>Viaje de estudio: San Carlos &#8211; Santa Fe y Paran\u00e1 SAN CARLOS -SANTA FE Y PARAN\u00c1Fecha: 12 de octubre de 2022Alumnos del Anexo N\u00b011 de Ramona, de la Escuela para J\u00f3venes y Adultos N\u00b021 &#8220;Libertador Gral San Mart\u00edn&#8221; , en conjunto con la Escuela Sede y Anexos de Rafaela, Lehmann, Humberto y Nueva Lehmann.Visitaron la [&hellip;]<\/p>\n","protected":false},"author":1,"featured_media":0,"parent":0,"menu_order":0,"comment_status":"closed","ping_status":"closed","template":"templates\/template-full-width.php","meta":{"footnotes":""},"class_list":["post-1203","page","type-page","status-publish","hentry"],"_links":{"self":[{"href":"https:\/\/elcristaldigital.org\/index.php\/wp-json\/wp\/v2\/pages\/1203","targetHints":{"allow":["GET"]}}],"collection":[{"href":"https:\/\/elcristaldigital.org\/index.php\/wp-json\/wp\/v2\/pages"}],"about":[{"href":"https:\/\/elcristaldigital.org\/index.php\/wp-json\/wp\/v2\/types\/page"}],"author":[{"embeddable":true,"href":"https:\/\/elcristaldigital.org\/index.php\/wp-json\/wp\/v2\/users\/1"}],"replies":[{"embeddable":true,"href":"https:\/\/elcristaldigital.org\/index.php\/wp-json\/wp\/v2\/comments?post=1203"}],"version-history":[{"count":2,"href":"https:\/\/elcristaldigital.org\/index.php\/wp-json\/wp\/v2\/pages\/1203\/revisions"}],"predecessor-version":[{"id":1210,"href":"https:\/\/elcristaldigital.org\/index.php\/wp-json\/wp\/v2\/pages\/1203\/revisions\/1210"}],"wp:attachment":[{"href":"https:\/\/elcristaldigital.org\/index.php\/wp-json\/wp\/v2\/media?parent=1203"}],"curies":[{"name":"wp","href":"https:\/\/api.w.org\/{rel}","templated":true}]}}