{"id":1185,"date":"2022-11-03T18:09:56","date_gmt":"2022-11-03T21:09:56","guid":{"rendered":"https:\/\/elcristaldigital.org\/?page_id=1185"},"modified":"2022-11-22T17:45:35","modified_gmt":"2022-11-22T20:45:35","slug":"gestion-comunal-4","status":"publish","type":"page","link":"https:\/\/elcristaldigital.org\/index.php\/gestion-comunal-4\/","title":{"rendered":"Gesti\u00f3n Comunal"},"content":{"rendered":"\n<h4 class=\"has-text-align-center has-background wp-block-heading\" style=\"background-color:#49a24a\">Aporte provincial para Ecoplaza<\/h4>\n\n\n\n<p>Profundizando la gesti\u00f3n e innovaci\u00f3n en materia ambiental y la articulaci\u00f3n permanente con el Ministerio de Ambiente y Cambio Clim\u00e1tico de la Provincia, el gobierno del Presidente Comunal Jos\u00e9 Barbero se aboca a la concreci\u00f3n de un dispositivo multiprop\u00f3sito a instalarse en la Plaza Sarmiento, en el marco del programa de Ecoplazas Urbanas.<\/p>\n\n\n\n<p>Se trata de una unidad compacta que cuenta con estaci\u00f3n solar con dispenser de agua caliente y natural, iluminaci\u00f3n LED y carga USB, bicicleteros, puntos verdes de recolecci\u00f3n diferenciada y taller de reparaci\u00f3n de bicicletas. La estructura cuenta con un dise\u00f1o vers\u00e1til, resistente y reforzada de f\u00e1cil mantenimiento, antivand\u00e1lica y con total estabilidad dimensional.<\/p>\n\n\n\n<p>Esta acci\u00f3n de la cartera a cargo de la ministra Erika Gonnet y la Secretaria de Econom\u00eda Circular, Ing. Saida Caula, busca promover espacios para el encuentro social, con gesti\u00f3n ambiental e incremento de la biodiversidad que permita la educaci\u00f3n ambiental integral en materia de residuos, energ\u00edas renovables, movilidad activa y sustentable y econom\u00eda circular.<\/p>\n\n\n<div class=\"wp-block-image\">\n<figure class=\"aligncenter size-full is-resized\"><img loading=\"lazy\" decoding=\"async\" src=\"https:\/\/elcristaldigital.org\/wp-content\/uploads\/2022\/11\/Saida-1.jpeg\" alt=\"\" class=\"wp-image-1235\" width=\"525\" height=\"519\" srcset=\"https:\/\/elcristaldigital.org\/wp-content\/uploads\/2022\/11\/Saida-1.jpeg 565w, https:\/\/elcristaldigital.org\/wp-content\/uploads\/2022\/11\/Saida-1-300x296.jpeg 300w\" sizes=\"auto, (max-width: 525px) 100vw, 525px\" \/><\/figure>\n<\/div>\n\n\n<h4 class=\"has-text-align-center has-background wp-block-heading\" style=\"background-color:#49a24a\">Habilitaci\u00f3n del nuevo Play\u00f3n Deportivo<\/h4>\n\n\n\n<p>En lo que se espera ser\u00e1 un evento de gran convocatoria y una celebraci\u00f3n comunitaria, se encuentra prevista la habilitaci\u00f3n formal del nuevo Play\u00f3n Deportivo construido en las dependencias del Complejo Recreativo y que se financia con fondos del Plan Argentina Hace, administrado por el Ministerio de Obras P\u00fablicas de la Naci\u00f3n.<\/p>\n\n\n\n<p>La actividad se encuentra pautada para el pr\u00f3ximo domingo 27 desde las 18 horas y contar\u00e1 con cl\u00ednicas deportivas, exhibiciones, cantina y espect\u00e1culos musicales. Cabe recordar que se trata de una explanada, de 600 metros cuadrados para la pr\u00e1ctica de f\u00fatbol, voley y b\u00e1squet, diversificando de esta manera la oferta deportiva y beneficiando la inserci\u00f3n social de ni\u00f1as, ni\u00f1os y adolescentes.<\/p>\n\n\n\n<p>Con una inversi\u00f3n que en este caso particular alcanza los 6,5 millones de pesos, el Programa Federal de Obra P\u00fablica tiene por prop\u00f3sito emplear mano de obra a trav\u00e9s de infraestructura de ejecuci\u00f3n r\u00e1pida y promover e impulsar la paridad de g\u00e9nero, el desarrollo con inclusi\u00f3n social, la integraci\u00f3n de j\u00f3venes desocupadas y desocupados y la participaci\u00f3n comunitaria.<\/p>\n\n\n<div class=\"wp-block-image\">\n<figure class=\"aligncenter size-full is-resized\"><img loading=\"lazy\" decoding=\"async\" src=\"https:\/\/elcristaldigital.org\/wp-content\/uploads\/2022\/11\/Jose-Barbero-Playon-final.jpeg\" alt=\"\" class=\"wp-image-1234\" width=\"701\" height=\"322\" srcset=\"https:\/\/elcristaldigital.org\/wp-content\/uploads\/2022\/11\/Jose-Barbero-Playon-final.jpeg 1600w, https:\/\/elcristaldigital.org\/wp-content\/uploads\/2022\/11\/Jose-Barbero-Playon-final-300x138.jpeg 300w, https:\/\/elcristaldigital.org\/wp-content\/uploads\/2022\/11\/Jose-Barbero-Playon-final-768x354.jpeg 768w, https:\/\/elcristaldigital.org\/wp-content\/uploads\/2022\/11\/Jose-Barbero-Playon-final-1536x708.jpeg 1536w, https:\/\/elcristaldigital.org\/wp-content\/uploads\/2022\/11\/Jose-Barbero-Playon-final-1200x553.jpeg 1200w\" sizes=\"auto, (max-width: 701px) 100vw, 701px\" \/><\/figure>\n<\/div>\n\n\n<h4 class=\"has-text-align-center has-background wp-block-heading\" style=\"background-color:#eb8ba8\">Octubre, MES ROSA<\/h4>\n\n\n\n<p>Siendo octubre el mes de sensibilizaci\u00f3n sobre el c\u00e1ncer de mama, que se celebra a los fines de poner el foco en la concientizaci\u00f3n sobre la detecci\u00f3n precoz de esta enfermedad, junto al personal del SAMCo, se desplegaron acciones en tal sentido<\/p>\n\n\n\n<p>Espec\u00edficamente a las campa\u00f1as p\u00fablicas, se incluyeron controles mamogr\u00e1ficos para las personas interesadas, contribuyendo con la movilidad y gesti\u00f3n de turnos correspondientes.<\/p>\n\n\n\n<h4 class=\"has-text-align-center has-background wp-block-heading\" style=\"background-color:#49a24a\">&#8220;Arte en Pelotas&#8221;<\/h4>\n\n\n\n<p>El programa \u201cArte en Pelotas\u201d coordinado por el \u00c1rea de Cultura comunal y organizado por el Ente Cultural Santafesino, consist\u00eda en la intervenci\u00f3n art\u00edstica sobre una pelota representando el deporte y la idiosincrasia de nuestra comunidad.<\/p>\n\n\n\n<p>La pelota de f\u00fatbol intervenida por los alumnos de 2\u00b0 a\u00f1o de la E.E.S.O.P.I 3023 San Jos\u00e9 de Calasanz, coordinados por la profesora Marcela Tessio, lleg\u00f3 a manos del presidente de la Asociaci\u00f3n del F\u00fatbol Argentino (AFA) Claudio \u201cChiqui\u201d Tapia.<\/p>\n\n\n\n<p>La muestra itinerante interprovincial que forma parte del programa, ser\u00e1 presentada en la \u201cFIESTA NACIONAL DE LA PELOTA DE FUTBOL 2022\u201d en la ciudad de Bell Ville, para luego visitar las distintas comunidades participantes.<\/p>\n\n\n<div class=\"wp-block-image\">\n<figure class=\"aligncenter size-large is-resized\"><img loading=\"lazy\" decoding=\"async\" src=\"https:\/\/elcristaldigital.org\/wp-content\/uploads\/2022\/11\/Jose-Barbero-Pelota-1440x1080.jpeg\" alt=\"\" class=\"wp-image-1201\" width=\"546\" height=\"409\" srcset=\"https:\/\/elcristaldigital.org\/wp-content\/uploads\/2022\/11\/Jose-Barbero-Pelota-1440x1080.jpeg 1440w, https:\/\/elcristaldigital.org\/wp-content\/uploads\/2022\/11\/Jose-Barbero-Pelota-300x225.jpeg 300w, https:\/\/elcristaldigital.org\/wp-content\/uploads\/2022\/11\/Jose-Barbero-Pelota-768x576.jpeg 768w, https:\/\/elcristaldigital.org\/wp-content\/uploads\/2022\/11\/Jose-Barbero-Pelota-1536x1152.jpeg 1536w, https:\/\/elcristaldigital.org\/wp-content\/uploads\/2022\/11\/Jose-Barbero-Pelota-1200x900.jpeg 1200w, https:\/\/elcristaldigital.org\/wp-content\/uploads\/2022\/11\/Jose-Barbero-Pelota.jpeg 1600w\" sizes=\"auto, (max-width: 546px) 100vw, 546px\" \/><\/figure>\n<\/div>\n\n\n<h4 class=\"has-text-align-center has-background wp-block-heading\" style=\"background-color:#49a24a\">Sistema de Guardias M\u00e9dicas<\/h4>\n\n\n\n<p>Asumiendo el compromiso que la salud p\u00fablica exige del estado y dando respuesta a un requerimiento comunitario, el municipio y el SAMCo han implementado un sistema de guardias m\u00e9dicas que garantice la atenci\u00f3n de emergencias durante los fines de semana.<\/p>\n\n\n\n<p>El prop\u00f3sito es asegurar la prestaci\u00f3n sanitaria a los habitantes de la localidad ante situaciones necesidad imperiosa con turnos rotativos que eviten sobrecargar al personal m\u00e9dico del efector, atendiendo a lo limitado de su jornada laboral.<\/p>\n\n\n\n<p>Las guardias se encuentran organizadas desde los d\u00edas viernes por la tarde con derivaci\u00f3n telef\u00f3nica del servicio 107 y son financiadas con recursos comunales y emanados de la Tasa Asistencial que aportan los vecinos mediante el pago de la Tasa General de Inmuebles Urbanos.<\/p>\n\n\n\n<h4 class=\"has-text-align-center has-background wp-block-heading\" style=\"background-color:#49a24a\">Nueva construcci\u00f3n en el Complejo Ambiental<\/h4>\n\n\n\n<p>Con la intenci\u00f3n de mejorar la gesti\u00f3n integral de residuos s\u00f3lidos urbanos y, especialmente, las reservadas al tratamiento y recupero de residuos, la Comuna ha ejecutado un nuevo dep\u00f3sito cubierto, destinado al acopio de materiales recobrados en dichas tareas. Tal cual consta en el proyecto aprobado, los objetivos espec\u00edficos apuntan a reducir el volumen de desechos, generar recursos a partir de la basura y ofrecer condiciones adecuadas de labor del personal encomendado.<\/p>\n\n\n\n<p>Este nuevo espacio amplia la superficie cubierta existente en el predio para adecuarlo a la clasificaci\u00f3n y prensado y, a la vez, conservar la calidad del producido de la misma. Construido con cabriadas reticuladas y cubierta de chapa, cuenta con 98 metros cuadrados de superficie y una altura m\u00e1xima de 7 metros, medidas totalmente aptas para su destino.<\/p>\n\n\n\n<p>Las obras se ejecutan gracias al financiamiento aportado por el Ministerio de Ambiente y Cambio Clim\u00e1tico de la provincia y la Direcci\u00f3n de Econom\u00eda Circular a cargo de la Ingeniera Saida Caula, cuyo equipo t\u00e9cnico verific\u00f3 en el lugar el estado de avance de las obras.<\/p>\n\n\n<div class=\"wp-block-image\">\n<figure class=\"aligncenter size-full is-resized\"><img loading=\"lazy\" decoding=\"async\" src=\"https:\/\/elcristaldigital.org\/wp-content\/uploads\/2022\/11\/Jose-Barbero-Tinglado.jpeg\" alt=\"\" class=\"wp-image-1200\" width=\"552\" height=\"414\" srcset=\"https:\/\/elcristaldigital.org\/wp-content\/uploads\/2022\/11\/Jose-Barbero-Tinglado.jpeg 1024w, https:\/\/elcristaldigital.org\/wp-content\/uploads\/2022\/11\/Jose-Barbero-Tinglado-300x225.jpeg 300w, https:\/\/elcristaldigital.org\/wp-content\/uploads\/2022\/11\/Jose-Barbero-Tinglado-768x576.jpeg 768w\" sizes=\"auto, (max-width: 552px) 100vw, 552px\" \/><\/figure>\n<\/div>","protected":false},"excerpt":{"rendered":"<p>Aporte provincial para Ecoplaza Profundizando la gesti\u00f3n e innovaci\u00f3n en materia ambiental y la articulaci\u00f3n permanente con el Ministerio de Ambiente y Cambio Clim\u00e1tico de la Provincia, el gobierno del Presidente Comunal Jos\u00e9 Barbero se aboca a la concreci\u00f3n de un dispositivo multiprop\u00f3sito a instalarse en la Plaza Sarmiento, en el marco del programa de [&hellip;]<\/p>\n","protected":false},"author":1,"featured_media":0,"parent":0,"menu_order":0,"comment_status":"closed","ping_status":"closed","template":"templates\/template-full-width.php","meta":{"footnotes":""},"class_list":["post-1185","page","type-page","status-publish","hentry"],"_links":{"self":[{"href":"https:\/\/elcristaldigital.org\/index.php\/wp-json\/wp\/v2\/pages\/1185","targetHints":{"allow":["GET"]}}],"collection":[{"href":"https:\/\/elcristaldigital.org\/index.php\/wp-json\/wp\/v2\/pages"}],"about":[{"href":"https:\/\/elcristaldigital.org\/index.php\/wp-json\/wp\/v2\/types\/page"}],"author":[{"embeddable":true,"href":"https:\/\/elcristaldigital.org\/index.php\/wp-json\/wp\/v2\/users\/1"}],"replies":[{"embeddable":true,"href":"https:\/\/elcristaldigital.org\/index.php\/wp-json\/wp\/v2\/comments?post=1185"}],"version-history":[{"count":4,"href":"https:\/\/elcristaldigital.org\/index.php\/wp-json\/wp\/v2\/pages\/1185\/revisions"}],"predecessor-version":[{"id":1236,"href":"https:\/\/elcristaldigital.org\/index.php\/wp-json\/wp\/v2\/pages\/1185\/revisions\/1236"}],"wp:attachment":[{"href":"https:\/\/elcristaldigital.org\/index.php\/wp-json\/wp\/v2\/media?parent=1185"}],"curies":[{"name":"wp","href":"https:\/\/api.w.org\/{rel}","templated":true}]}}