{"id":1097,"date":"2022-10-06T18:21:12","date_gmt":"2022-10-06T21:21:12","guid":{"rendered":"https:\/\/elcristaldigital.org\/?page_id=1097"},"modified":"2022-10-25T17:42:57","modified_gmt":"2022-10-25T20:42:57","slug":"instituciones-3","status":"publish","type":"page","link":"https:\/\/elcristaldigital.org\/index.php\/instituciones-3\/","title":{"rendered":"Instituciones"},"content":{"rendered":"\n<h4 class=\"has-text-align-center has-background wp-block-heading\" style=\"background-color:#49a24a\">T\u00e9 del D\u00eda de la Madre<\/h4>\n\n\n\n<p>El pasado viernes 15, se realiz\u00f3 nuevamente despu\u00e9s de dos a\u00f1os (por consecuencia de la pandemia) el tradicional &#8220;T\u00e9 del D\u00eda de la Madre&#8221; en la Escuela Primaria de la localidad. A pesar de la lluvia, fue una hermosa tarde llena de juegos, regalos y por supuesto t\u00e9 y torta, obteniendo tambien as\u00ed una excelente recaudaci\u00f3n.<\/p>\n\n\n\n<figure class=\"wp-block-gallery has-nested-images columns-default is-cropped wp-block-gallery-1 is-layout-flex wp-block-gallery-is-layout-flex\">\n<figure class=\"wp-block-image size-large\"><img loading=\"lazy\" decoding=\"async\" width=\"1600\" height=\"720\" data-id=\"1174\" src=\"https:\/\/elcristaldigital.org\/wp-content\/uploads\/2022\/10\/WhatsApp-Image-2022-10-20-at-9.58.58-PM.jpeg\" alt=\"\" class=\"wp-image-1174\" srcset=\"https:\/\/elcristaldigital.org\/wp-content\/uploads\/2022\/10\/WhatsApp-Image-2022-10-20-at-9.58.58-PM.jpeg 1600w, https:\/\/elcristaldigital.org\/wp-content\/uploads\/2022\/10\/WhatsApp-Image-2022-10-20-at-9.58.58-PM-300x135.jpeg 300w, https:\/\/elcristaldigital.org\/wp-content\/uploads\/2022\/10\/WhatsApp-Image-2022-10-20-at-9.58.58-PM-768x346.jpeg 768w, https:\/\/elcristaldigital.org\/wp-content\/uploads\/2022\/10\/WhatsApp-Image-2022-10-20-at-9.58.58-PM-1536x691.jpeg 1536w, https:\/\/elcristaldigital.org\/wp-content\/uploads\/2022\/10\/WhatsApp-Image-2022-10-20-at-9.58.58-PM-1200x540.jpeg 1200w\" sizes=\"auto, (max-width: 1600px) 100vw, 1600px\" \/><\/figure>\n\n\n\n<figure class=\"wp-block-image size-large\"><img loading=\"lazy\" decoding=\"async\" width=\"1600\" height=\"720\" data-id=\"1176\" src=\"https:\/\/elcristaldigital.org\/wp-content\/uploads\/2022\/10\/WhatsApp-Image-2022-10-20-at-9.59.05-PM-1.jpeg\" alt=\"\" class=\"wp-image-1176\" srcset=\"https:\/\/elcristaldigital.org\/wp-content\/uploads\/2022\/10\/WhatsApp-Image-2022-10-20-at-9.59.05-PM-1.jpeg 1600w, https:\/\/elcristaldigital.org\/wp-content\/uploads\/2022\/10\/WhatsApp-Image-2022-10-20-at-9.59.05-PM-1-300x135.jpeg 300w, https:\/\/elcristaldigital.org\/wp-content\/uploads\/2022\/10\/WhatsApp-Image-2022-10-20-at-9.59.05-PM-1-768x346.jpeg 768w, https:\/\/elcristaldigital.org\/wp-content\/uploads\/2022\/10\/WhatsApp-Image-2022-10-20-at-9.59.05-PM-1-1536x691.jpeg 1536w, https:\/\/elcristaldigital.org\/wp-content\/uploads\/2022\/10\/WhatsApp-Image-2022-10-20-at-9.59.05-PM-1-1200x540.jpeg 1200w\" sizes=\"auto, (max-width: 1600px) 100vw, 1600px\" \/><\/figure>\n\n\n\n<figure class=\"wp-block-image size-large\"><img loading=\"lazy\" decoding=\"async\" width=\"1600\" height=\"720\" data-id=\"1175\" src=\"https:\/\/elcristaldigital.org\/wp-content\/uploads\/2022\/10\/WhatsApp-Image-2022-10-20-at-9.59.05-PM.jpeg\" alt=\"\" class=\"wp-image-1175\" srcset=\"https:\/\/elcristaldigital.org\/wp-content\/uploads\/2022\/10\/WhatsApp-Image-2022-10-20-at-9.59.05-PM.jpeg 1600w, https:\/\/elcristaldigital.org\/wp-content\/uploads\/2022\/10\/WhatsApp-Image-2022-10-20-at-9.59.05-PM-300x135.jpeg 300w, https:\/\/elcristaldigital.org\/wp-content\/uploads\/2022\/10\/WhatsApp-Image-2022-10-20-at-9.59.05-PM-768x346.jpeg 768w, https:\/\/elcristaldigital.org\/wp-content\/uploads\/2022\/10\/WhatsApp-Image-2022-10-20-at-9.59.05-PM-1536x691.jpeg 1536w, https:\/\/elcristaldigital.org\/wp-content\/uploads\/2022\/10\/WhatsApp-Image-2022-10-20-at-9.59.05-PM-1200x540.jpeg 1200w\" sizes=\"auto, (max-width: 1600px) 100vw, 1600px\" \/><\/figure>\n\n\n\n<figure class=\"wp-block-image size-large\"><img loading=\"lazy\" decoding=\"async\" width=\"1600\" height=\"720\" data-id=\"1173\" src=\"https:\/\/elcristaldigital.org\/wp-content\/uploads\/2022\/10\/WhatsApp-Image-2022-10-20-at-9.58.56-PM.jpeg\" alt=\"\" class=\"wp-image-1173\" srcset=\"https:\/\/elcristaldigital.org\/wp-content\/uploads\/2022\/10\/WhatsApp-Image-2022-10-20-at-9.58.56-PM.jpeg 1600w, https:\/\/elcristaldigital.org\/wp-content\/uploads\/2022\/10\/WhatsApp-Image-2022-10-20-at-9.58.56-PM-300x135.jpeg 300w, https:\/\/elcristaldigital.org\/wp-content\/uploads\/2022\/10\/WhatsApp-Image-2022-10-20-at-9.58.56-PM-768x346.jpeg 768w, https:\/\/elcristaldigital.org\/wp-content\/uploads\/2022\/10\/WhatsApp-Image-2022-10-20-at-9.58.56-PM-1536x691.jpeg 1536w, https:\/\/elcristaldigital.org\/wp-content\/uploads\/2022\/10\/WhatsApp-Image-2022-10-20-at-9.58.56-PM-1200x540.jpeg 1200w\" sizes=\"auto, (max-width: 1600px) 100vw, 1600px\" \/><\/figure>\n<\/figure>\n\n\n\n<h4 class=\"has-text-align-center has-background wp-block-heading\" style=\"background-color:#49a24a\">Proyecto Institucional Jard\u00edn de Infantes<\/h4>\n\n\n\n<p>En el a\u00f1o 2019 pensamos e implementamos &nbsp;el Proyecto Institucional \u201cEnlazando Amor\u201d con el objetivo de que los ni\u00f1os y las ni\u00f1as puedan aprender el gran valor de la naturaleza, amarla, cuidarla, y respetarla, se acerquen a ella, la sientan, la experimenten, la disfruten, la huelan.<\/p>\n\n\n\n<p>Las semillas preservan la vida y los saberes, son fuentes de futuras plantas, alimentos, medicinas. Son el lugar donde se almacena la cultura y la historia.<\/p>\n\n\n\n<p>Plantar un \u00e1rbol y despertar la conciencia social para el respeto y el cuidado de la naturaleza, es devolverle algo de lo mucho que nos da. Este a\u00f1o adem\u00e1s de sembrar semillas de \u00e1rboles para que acompa\u00f1en el egreso de nuestras ni\u00f1as y ni\u00f1os, participamos junto a la Comuna y a una empresa local, en el plantado de \u00e1rboles en la nueva ciclov\u00eda de la entrada del pueblo, con la responsabilidad de regarlos y cuidarlos semanalmente.<\/p>\n\n\n\n<p>Una de nuestras propuestas preferidas del proyecto es la Feria de Intercambio de plantas, semillas y gajitos. Despu\u00e9s de dos a\u00f1os atravesados por una pandemia que nos impidi\u00f3 organizarla, el d\u00eda jueves 6 de octubre retomamos y disfrutamos de esta bella actividad. Se invit\u00f3 a abuelos, abuelas, vecinos, vecinas, autoridades locales y escolares, egresados, egresadas, j\u00f3venes que asisten al RYAN, familias, con el fin de compartir un encuentro al aire libre, emotivo e intercambiar plantas, semillas y gajitos.&nbsp;<\/p>\n\n\n\n<p>Previamente las familias colaboraron con uno o dos plantines para el d\u00eda de la Feria.&nbsp; La &nbsp;Sala Verde&nbsp; (4 a\u00f1os) y Anaranjada (m\u00faltiple de 4 y 3 a\u00f1os) reconocieron y plantaron diferentes gajitos en latas decoradas con diferentes materiales, la Sala Turquesa (5 a\u00f1os) clasificaron y ensobraron semillas, reconocieron especies y escribieron sus nombres en los sobres para intercambiar.<\/p>\n\n\n\n<p>El educar desde la naturaleza a partir de la esencia de quienes somos en relaci\u00f3n a ella, ofrece momentos de cuidado y&nbsp; espacios reflexivos que construyen una perspectiva pedag\u00f3gica que potencia la concientizaci\u00f3n sobre el valor de las ra\u00edces de la vida.<\/p>\n\n\n\n<p><strong><em>Comunidad de Aprendizaje del Jard\u00edn de Infantes N\u00b0 300 \u201cMar\u00eda Elena Walsh\u201d<\/em><\/strong><\/p>\n\n\n\n<figure class=\"wp-block-gallery has-nested-images columns-default is-cropped wp-block-gallery-2 is-layout-flex wp-block-gallery-is-layout-flex\">\n<figure class=\"wp-block-image size-large\"><img loading=\"lazy\" decoding=\"async\" width=\"1440\" height=\"1080\" data-id=\"1135\" src=\"https:\/\/elcristaldigital.org\/wp-content\/uploads\/2022\/10\/WhatsApp-Image-2022-10-13-at-7.15.28-PM-1-1440x1080.jpeg\" alt=\"\" class=\"wp-image-1135\" srcset=\"https:\/\/elcristaldigital.org\/wp-content\/uploads\/2022\/10\/WhatsApp-Image-2022-10-13-at-7.15.28-PM-1-1440x1080.jpeg 1440w, https:\/\/elcristaldigital.org\/wp-content\/uploads\/2022\/10\/WhatsApp-Image-2022-10-13-at-7.15.28-PM-1-300x225.jpeg 300w, https:\/\/elcristaldigital.org\/wp-content\/uploads\/2022\/10\/WhatsApp-Image-2022-10-13-at-7.15.28-PM-1-768x576.jpeg 768w, https:\/\/elcristaldigital.org\/wp-content\/uploads\/2022\/10\/WhatsApp-Image-2022-10-13-at-7.15.28-PM-1-1536x1152.jpeg 1536w, https:\/\/elcristaldigital.org\/wp-content\/uploads\/2022\/10\/WhatsApp-Image-2022-10-13-at-7.15.28-PM-1-1200x900.jpeg 1200w, https:\/\/elcristaldigital.org\/wp-content\/uploads\/2022\/10\/WhatsApp-Image-2022-10-13-at-7.15.28-PM-1.jpeg 1600w\" sizes=\"auto, (max-width: 1440px) 100vw, 1440px\" \/><\/figure>\n\n\n\n<figure class=\"wp-block-image size-large\"><img loading=\"lazy\" decoding=\"async\" width=\"1440\" height=\"1080\" data-id=\"1136\" src=\"https:\/\/elcristaldigital.org\/wp-content\/uploads\/2022\/10\/WhatsApp-Image-2022-10-13-at-7.15.28-PM-1440x1080.jpeg\" alt=\"\" class=\"wp-image-1136\" srcset=\"https:\/\/elcristaldigital.org\/wp-content\/uploads\/2022\/10\/WhatsApp-Image-2022-10-13-at-7.15.28-PM-1440x1080.jpeg 1440w, https:\/\/elcristaldigital.org\/wp-content\/uploads\/2022\/10\/WhatsApp-Image-2022-10-13-at-7.15.28-PM-300x225.jpeg 300w, https:\/\/elcristaldigital.org\/wp-content\/uploads\/2022\/10\/WhatsApp-Image-2022-10-13-at-7.15.28-PM-768x576.jpeg 768w, https:\/\/elcristaldigital.org\/wp-content\/uploads\/2022\/10\/WhatsApp-Image-2022-10-13-at-7.15.28-PM-1536x1152.jpeg 1536w, https:\/\/elcristaldigital.org\/wp-content\/uploads\/2022\/10\/WhatsApp-Image-2022-10-13-at-7.15.28-PM-1200x900.jpeg 1200w, https:\/\/elcristaldigital.org\/wp-content\/uploads\/2022\/10\/WhatsApp-Image-2022-10-13-at-7.15.28-PM.jpeg 1600w\" sizes=\"auto, (max-width: 1440px) 100vw, 1440px\" \/><\/figure>\n<\/figure>\n\n\n\n<h4 class=\"has-text-align-center has-background wp-block-heading\" style=\"background-color:#49a24a\">Turismo Receptivo Estudiantil<\/h4>\n\n\n\n<p>Con una delegaci\u00f3n de 100 personas entre alumnos, docentes y asistentes de quinto grado de la Escuela Primaria Joaqu\u00edn V. Gonz\u00e1lez de la localidad de Franck, abri\u00f3 la temporada de turismo educativo qu\u00e9 continuar el pr\u00f3ximo viernes cuando visit\u00f3 una escuela de la ciudad de Santa Fe.<\/p>\n\n\n\n<p>El contingente fue recibido por el Presidente Comunal para luego iniciar la visita guiada por sus 10 salas tem\u00e1ticas, Parque de la Maquinaria Agr\u00edcola, Paseo del Vag\u00f3n, el recorrido virtual con tecnolog\u00eda 3D fueron algunas de las actividades realizadas. En esta ocasi\u00f3n se incorpor\u00f3 un nuevo atractivo: la sala de elaboraci\u00f3n de pastas para que los chicos puedan conocer y participar de esta manufactura.<\/p>\n\n\n\n<p>Luego del almuerzo en Comedor Ester, el programa continu\u00f3 con la visita a la Caba\u00f1a Marca Borrada, establecimiento en el cual pudieron entrar en contacto con terneros en crianza, llamas, equinos, aves, disfrutar paseos en carros, del asombroso espect\u00e1culo de las tropillas entabladas que caracteriza a la familia Bessone. La merienda con l\u00e1cteos Ramolac, marc\u00f3 el cierre de la jornada.<\/p>\n\n\n\n<p>El jueves 29 la localidad recibir\u00e1 un grupo perteneciente a la Escuela Ni\u00f1o Jes\u00fas de la ciudad capital de la Provincia.<\/p>\n\n\n\n<figure class=\"wp-block-gallery has-nested-images columns-default is-cropped wp-block-gallery-3 is-layout-flex wp-block-gallery-is-layout-flex\">\n<figure class=\"wp-block-image size-large\"><img loading=\"lazy\" decoding=\"async\" width=\"1280\" height=\"960\" data-id=\"1111\" src=\"https:\/\/elcristaldigital.org\/wp-content\/uploads\/2022\/10\/WhatsApp-Image-2022-10-06-at-10.38.11-AM.jpeg\" alt=\"\" class=\"wp-image-1111\" srcset=\"https:\/\/elcristaldigital.org\/wp-content\/uploads\/2022\/10\/WhatsApp-Image-2022-10-06-at-10.38.11-AM.jpeg 1280w, https:\/\/elcristaldigital.org\/wp-content\/uploads\/2022\/10\/WhatsApp-Image-2022-10-06-at-10.38.11-AM-300x225.jpeg 300w, https:\/\/elcristaldigital.org\/wp-content\/uploads\/2022\/10\/WhatsApp-Image-2022-10-06-at-10.38.11-AM-768x576.jpeg 768w, https:\/\/elcristaldigital.org\/wp-content\/uploads\/2022\/10\/WhatsApp-Image-2022-10-06-at-10.38.11-AM-1200x900.jpeg 1200w\" sizes=\"auto, (max-width: 1280px) 100vw, 1280px\" \/><\/figure>\n\n\n\n<figure class=\"wp-block-image size-large\"><img loading=\"lazy\" decoding=\"async\" width=\"1024\" height=\"768\" data-id=\"1110\" src=\"https:\/\/elcristaldigital.org\/wp-content\/uploads\/2022\/10\/WhatsApp-Image-2022-10-06-at-10.38.14-AM.jpeg\" alt=\"\" class=\"wp-image-1110\" srcset=\"https:\/\/elcristaldigital.org\/wp-content\/uploads\/2022\/10\/WhatsApp-Image-2022-10-06-at-10.38.14-AM.jpeg 1024w, https:\/\/elcristaldigital.org\/wp-content\/uploads\/2022\/10\/WhatsApp-Image-2022-10-06-at-10.38.14-AM-300x225.jpeg 300w, https:\/\/elcristaldigital.org\/wp-content\/uploads\/2022\/10\/WhatsApp-Image-2022-10-06-at-10.38.14-AM-768x576.jpeg 768w\" sizes=\"auto, (max-width: 1024px) 100vw, 1024px\" \/><\/figure>\n<\/figure>\n\n\n<div class=\"wp-block-image\">\n<figure class=\"aligncenter size-large\"><img loading=\"lazy\" decoding=\"async\" width=\"960\" height=\"720\" src=\"https:\/\/elcristaldigital.org\/wp-content\/uploads\/2022\/10\/WhatsApp-Image-2022-10-06-at-10.38.08-AM-edited.jpeg\" alt=\"\" class=\"wp-image-1113\" srcset=\"https:\/\/elcristaldigital.org\/wp-content\/uploads\/2022\/10\/WhatsApp-Image-2022-10-06-at-10.38.08-AM-edited.jpeg 960w, https:\/\/elcristaldigital.org\/wp-content\/uploads\/2022\/10\/WhatsApp-Image-2022-10-06-at-10.38.08-AM-edited-300x225.jpeg 300w, https:\/\/elcristaldigital.org\/wp-content\/uploads\/2022\/10\/WhatsApp-Image-2022-10-06-at-10.38.08-AM-edited-768x576.jpeg 768w\" sizes=\"auto, (max-width: 960px) 100vw, 960px\" \/><\/figure>\n<\/div>","protected":false},"excerpt":{"rendered":"<p>T\u00e9 del D\u00eda de la Madre El pasado viernes 15, se realiz\u00f3 nuevamente despu\u00e9s de dos a\u00f1os (por consecuencia de la pandemia) el tradicional &#8220;T\u00e9 del D\u00eda de la Madre&#8221; en la Escuela Primaria de la localidad. A pesar de la lluvia, fue una hermosa tarde llena de juegos, regalos y por supuesto t\u00e9 y [&hellip;]<\/p>\n","protected":false},"author":1,"featured_media":0,"parent":0,"menu_order":0,"comment_status":"closed","ping_status":"closed","template":"templates\/template-full-width.php","meta":{"footnotes":""},"class_list":["post-1097","page","type-page","status-publish","hentry"],"_links":{"self":[{"href":"https:\/\/elcristaldigital.org\/index.php\/wp-json\/wp\/v2\/pages\/1097","targetHints":{"allow":["GET"]}}],"collection":[{"href":"https:\/\/elcristaldigital.org\/index.php\/wp-json\/wp\/v2\/pages"}],"about":[{"href":"https:\/\/elcristaldigital.org\/index.php\/wp-json\/wp\/v2\/types\/page"}],"author":[{"embeddable":true,"href":"https:\/\/elcristaldigital.org\/index.php\/wp-json\/wp\/v2\/users\/1"}],"replies":[{"embeddable":true,"href":"https:\/\/elcristaldigital.org\/index.php\/wp-json\/wp\/v2\/comments?post=1097"}],"version-history":[{"count":5,"href":"https:\/\/elcristaldigital.org\/index.php\/wp-json\/wp\/v2\/pages\/1097\/revisions"}],"predecessor-version":[{"id":1177,"href":"https:\/\/elcristaldigital.org\/index.php\/wp-json\/wp\/v2\/pages\/1097\/revisions\/1177"}],"wp:attachment":[{"href":"https:\/\/elcristaldigital.org\/index.php\/wp-json\/wp\/v2\/media?parent=1097"}],"curies":[{"name":"wp","href":"https:\/\/api.w.org\/{rel}","templated":true}]}}