{"id":1051,"date":"2022-09-29T18:07:47","date_gmt":"2022-09-29T21:07:47","guid":{"rendered":"https:\/\/elcristaldigital.org\/?page_id=1051"},"modified":"2022-09-29T18:19:10","modified_gmt":"2022-09-29T21:19:10","slug":"deportes-4","status":"publish","type":"page","link":"https:\/\/elcristaldigital.org\/index.php\/deportes-4\/","title":{"rendered":"Deportes"},"content":{"rendered":"\n<h4 class=\"has-text-align-center has-background wp-block-heading\" style=\"background-color:#49a24a\">Encuentro de pat\u00edn art\u00edstico<\/h4>\n\n\n\n<p>El s\u00e1bado 24 de septiembre en la localidad de Ramona se realiz\u00f3 en el encuentro de pat\u00edn art\u00edstico. Asistieron alrededor de 400 personas, y los clubes invitados fueron:<br>Club Ferro de Rafaela.<br>CAJU de Bauer y Sigel.<br>Tiro Federal y Deportivo Morteros.<br>Centro Social y Deportivo Brinkmann.<br>Patin Asociaci\u00f3n el Ceibo de San Francisco.<\/p>\n\n\n\n<figure class=\"wp-block-gallery has-nested-images columns-default is-cropped wp-block-gallery-1 is-layout-flex wp-block-gallery-is-layout-flex\">\n<figure class=\"wp-block-image size-large\"><img loading=\"lazy\" decoding=\"async\" width=\"1241\" height=\"906\" data-id=\"1066\" src=\"https:\/\/elcristaldigital.org\/wp-content\/uploads\/2022\/09\/IMG-20220929-WA0103.jpg\" alt=\"\" class=\"wp-image-1066\" srcset=\"https:\/\/elcristaldigital.org\/wp-content\/uploads\/2022\/09\/IMG-20220929-WA0103.jpg 1241w, https:\/\/elcristaldigital.org\/wp-content\/uploads\/2022\/09\/IMG-20220929-WA0103-300x219.jpg 300w, https:\/\/elcristaldigital.org\/wp-content\/uploads\/2022\/09\/IMG-20220929-WA0103-768x561.jpg 768w, https:\/\/elcristaldigital.org\/wp-content\/uploads\/2022\/09\/IMG-20220929-WA0103-1200x876.jpg 1200w\" sizes=\"auto, (max-width: 1241px) 100vw, 1241px\" \/><\/figure>\n\n\n\n<figure class=\"wp-block-image size-large\"><img loading=\"lazy\" decoding=\"async\" width=\"1241\" height=\"924\" data-id=\"1065\" src=\"https:\/\/elcristaldigital.org\/wp-content\/uploads\/2022\/09\/IMG-20220929-WA0104.jpg\" alt=\"\" class=\"wp-image-1065\" srcset=\"https:\/\/elcristaldigital.org\/wp-content\/uploads\/2022\/09\/IMG-20220929-WA0104.jpg 1241w, https:\/\/elcristaldigital.org\/wp-content\/uploads\/2022\/09\/IMG-20220929-WA0104-300x223.jpg 300w, https:\/\/elcristaldigital.org\/wp-content\/uploads\/2022\/09\/IMG-20220929-WA0104-768x572.jpg 768w, https:\/\/elcristaldigital.org\/wp-content\/uploads\/2022\/09\/IMG-20220929-WA0104-1200x893.jpg 1200w\" sizes=\"auto, (max-width: 1241px) 100vw, 1241px\" \/><\/figure>\n<\/figure>\n","protected":false},"excerpt":{"rendered":"<p>Encuentro de pat\u00edn art\u00edstico El s\u00e1bado 24 de septiembre en la localidad de Ramona se realiz\u00f3 en el encuentro de pat\u00edn art\u00edstico. Asistieron alrededor de 400 personas, y los clubes invitados fueron:Club Ferro de Rafaela.CAJU de Bauer y Sigel.Tiro Federal y Deportivo Morteros.Centro Social y Deportivo Brinkmann.Patin Asociaci\u00f3n el Ceibo de San Francisco.<\/p>\n","protected":false},"author":1,"featured_media":0,"parent":0,"menu_order":0,"comment_status":"closed","ping_status":"closed","template":"","meta":{"footnotes":""},"class_list":["post-1051","page","type-page","status-publish","hentry"],"_links":{"self":[{"href":"https:\/\/elcristaldigital.org\/index.php\/wp-json\/wp\/v2\/pages\/1051","targetHints":{"allow":["GET"]}}],"collection":[{"href":"https:\/\/elcristaldigital.org\/index.php\/wp-json\/wp\/v2\/pages"}],"about":[{"href":"https:\/\/elcristaldigital.org\/index.php\/wp-json\/wp\/v2\/types\/page"}],"author":[{"embeddable":true,"href":"https:\/\/elcristaldigital.org\/index.php\/wp-json\/wp\/v2\/users\/1"}],"replies":[{"embeddable":true,"href":"https:\/\/elcristaldigital.org\/index.php\/wp-json\/wp\/v2\/comments?post=1051"}],"version-history":[{"count":2,"href":"https:\/\/elcristaldigital.org\/index.php\/wp-json\/wp\/v2\/pages\/1051\/revisions"}],"predecessor-version":[{"id":1067,"href":"https:\/\/elcristaldigital.org\/index.php\/wp-json\/wp\/v2\/pages\/1051\/revisions\/1067"}],"wp:attachment":[{"href":"https:\/\/elcristaldigital.org\/index.php\/wp-json\/wp\/v2\/media?parent=1051"}],"curies":[{"name":"wp","href":"https:\/\/api.w.org\/{rel}","templated":true}]}}