{"id":1047,"date":"2022-09-29T18:04:11","date_gmt":"2022-09-29T21:04:11","guid":{"rendered":"https:\/\/elcristaldigital.org\/?page_id=1047"},"modified":"2022-10-04T17:48:04","modified_gmt":"2022-10-04T20:48:04","slug":"instituciones-2","status":"publish","type":"page","link":"https:\/\/elcristaldigital.org\/index.php\/instituciones-2\/","title":{"rendered":"Instituciones"},"content":{"rendered":"\n<h4 class=\"has-text-align-center has-background wp-block-heading\" style=\"background-color:#49a24a\">Escuela para J\u00f3venes y Adultos de Ramona<\/h4>\n\n\n\n<p>Los alumnos de la Escuela para J\u00f3venes y Adultos de Ramona quisimos devolver algo de lo que recibimos a diario de la Escuela N\u00b0382, que nos cede el espacio y las comodidades para seguir aprendiendo. &#8220;Nos animamos a pintar el aula de clases, trabajando en equipo. Disfrutamos de esa experiencia compartida y nos proponemos sumar otras nuevas, convencidos de que todo lo que damos vuelve&#8221;.<\/p>\n\n\n\n<h4 class=\"has-text-align-center has-background wp-block-heading\" style=\"background-color:#49a24a\">Inauguraci\u00f3n del vag\u00f3n y Vermut de las Patronales<\/h4>\n\n\n\n<p>Luego de una ardua tarea de recuperaci\u00f3n que incluy\u00f3 el desmantelamiento total y su posterior rearmado, se cumpli\u00f3 con la inauguraci\u00f3n de la restauraci\u00f3n del vag\u00f3n ferroviario que, por obra de turismo rural y su grupo de colaboradores, ha pasado engrosar el acervo hist\u00f3rico del museo, embelleciendo el frente del amplio inmueble que lo alberga.<br>Cabe recordar que dicho material rodante fue trasladado a la localidad tras suscribir un convenio con la Asociaci\u00f3n de Ferromodelistas y Amigos del Ferrocarril de la ciudad de Rafaela y una importante inversi\u00f3n de la Comuna de Ramona, sobre el convencimiento de est\u00e1 recuperando parte de la historia de los or\u00edgenes de nuestro distrito.<br>Las tareas incluyeron la pintura total, la iluminaci\u00f3n interior y exterior y su ambientaci\u00f3n tem\u00e1tica, convirti\u00e9ndolo en un excepcional espacio de exhibici\u00f3n que merece ser conocido.<br>Concluyendo la jornada y a modo de celebraci\u00f3n tuvo lugar el pautado vermut con degustaci\u00f3n de platos t\u00edpicos en la fonda que forma parte de las salas del edificio y que recrea una antigua tradici\u00f3n de los antepasados piamonteses.<\/p>\n\n\n<div class=\"wp-block-image\">\n<figure class=\"aligncenter size-large is-resized\"><img loading=\"lazy\" decoding=\"async\" src=\"https:\/\/elcristaldigital.org\/wp-content\/uploads\/2022\/10\/WhatsApp-Image-2022-10-04-at-5.39.35-PM-1440x1080.jpeg\" alt=\"\" class=\"wp-image-1091\" width=\"439\" height=\"330\" srcset=\"https:\/\/elcristaldigital.org\/wp-content\/uploads\/2022\/10\/WhatsApp-Image-2022-10-04-at-5.39.35-PM-1440x1080.jpeg 1440w, https:\/\/elcristaldigital.org\/wp-content\/uploads\/2022\/10\/WhatsApp-Image-2022-10-04-at-5.39.35-PM-300x225.jpeg 300w, https:\/\/elcristaldigital.org\/wp-content\/uploads\/2022\/10\/WhatsApp-Image-2022-10-04-at-5.39.35-PM-768x576.jpeg 768w, https:\/\/elcristaldigital.org\/wp-content\/uploads\/2022\/10\/WhatsApp-Image-2022-10-04-at-5.39.35-PM-1536x1152.jpeg 1536w, https:\/\/elcristaldigital.org\/wp-content\/uploads\/2022\/10\/WhatsApp-Image-2022-10-04-at-5.39.35-PM-1200x900.jpeg 1200w, https:\/\/elcristaldigital.org\/wp-content\/uploads\/2022\/10\/WhatsApp-Image-2022-10-04-at-5.39.35-PM.jpeg 1600w\" sizes=\"auto, (max-width: 439px) 100vw, 439px\" \/><\/figure>\n<\/div>\n\n\n<h4 class=\"alignwide has-text-align-center has-background wp-block-heading\" style=\"background-color:#49a24a\">Turismo Receptivo Estudiantil <\/h4>\n\n\n\n<p>Con una delegaci\u00f3n de 100 personas entre alumnos, docentes y asistentes de quinto grado de la Escuela Primaria Joaqu\u00edn V. Gonz\u00e1lez de la localidad de Franck, abri\u00f3 la temporada de turismo educativo. El contingente fue recibido por el Presidente Comunal para luego iniciar la visita guiada por sus 10 salas tem\u00e1ticas: Parque de la Maquinaria Agr\u00edcola, Paseo del Vag\u00f3n, recorrido virtual con tecnolog\u00eda 3D, entre otras actividades realizadas. En esta ocasi\u00f3n se incorpor\u00f3 un nuevo atractivo: la sala de elaboraci\u00f3n de pastas para que los chicos puedan conocer y participar de esta manufactura. Luego del almuerzo en Comedor Ester, el programa continu\u00f3 con la visita a la Caba\u00f1a Marca Borrada, establecimiento en el cual pudieron entrar en contacto con terneros en crianza, llamas, equinos, aves, disfrutar paseos en carros, del asombroso espect\u00e1culo de las tropillas entabladas que caracteriza a la familia Bessone. La merienda con l\u00e1cteos Ramolac, marc\u00f3 el cierre de la jornada. El jueves 29 la localidad recibir\u00e1 un grupo perteneciente a la Escuela Ni\u00f1o Jes\u00fas de la ciudad capital de la Provincia.<\/p>\n\n\n<div class=\"wp-block-image\">\n<figure class=\"aligncenter size-full is-resized\"><img loading=\"lazy\" decoding=\"async\" src=\"https:\/\/elcristaldigital.org\/wp-content\/uploads\/2022\/09\/Screenshot_20220929-1827372.png\" alt=\"\" class=\"wp-image-1087\" width=\"540\" height=\"337\" srcset=\"https:\/\/elcristaldigital.org\/wp-content\/uploads\/2022\/09\/Screenshot_20220929-1827372.png 720w, https:\/\/elcristaldigital.org\/wp-content\/uploads\/2022\/09\/Screenshot_20220929-1827372-300x187.png 300w\" sizes=\"auto, (max-width: 540px) 100vw, 540px\" \/><\/figure>\n<\/div>\n\n\n<h4 class=\"alignwide has-text-align-center has-background wp-block-heading\" style=\"background-color:#49a24a\">Folklore<\/h4>\n\n\n\n<p>El s\u00e1bado 8 de octubre, la escuela de danzas folkl\u00f3ricas &#8220;La Salamanca&#8221;, organiza un encuentro de escuelas de folklore en la localidad.<\/p>\n\n\n<div class=\"wp-block-image\">\n<figure class=\"aligncenter size-large is-resized\"><img loading=\"lazy\" decoding=\"async\" src=\"https:\/\/elcristaldigital.org\/wp-content\/uploads\/2022\/09\/IMG-20220929-WA0058-edited.jpg\" alt=\"\" class=\"wp-image-1058\" width=\"538\" height=\"806\" srcset=\"https:\/\/elcristaldigital.org\/wp-content\/uploads\/2022\/09\/IMG-20220929-WA0058-edited.jpg 717w, https:\/\/elcristaldigital.org\/wp-content\/uploads\/2022\/09\/IMG-20220929-WA0058-edited-200x300.jpg 200w\" sizes=\"auto, (max-width: 538px) 100vw, 538px\" \/><\/figure>\n<\/div>","protected":false},"excerpt":{"rendered":"<p>Escuela para J\u00f3venes y Adultos de Ramona Los alumnos de la Escuela para J\u00f3venes y Adultos de Ramona quisimos devolver algo de lo que recibimos a diario de la Escuela N\u00b0382, que nos cede el espacio y las comodidades para seguir aprendiendo. &#8220;Nos animamos a pintar el aula de clases, trabajando en equipo. Disfrutamos de [&hellip;]<\/p>\n","protected":false},"author":1,"featured_media":0,"parent":0,"menu_order":0,"comment_status":"closed","ping_status":"closed","template":"templates\/template-full-width.php","meta":{"footnotes":""},"class_list":["post-1047","page","type-page","status-publish","hentry"],"_links":{"self":[{"href":"https:\/\/elcristaldigital.org\/index.php\/wp-json\/wp\/v2\/pages\/1047","targetHints":{"allow":["GET"]}}],"collection":[{"href":"https:\/\/elcristaldigital.org\/index.php\/wp-json\/wp\/v2\/pages"}],"about":[{"href":"https:\/\/elcristaldigital.org\/index.php\/wp-json\/wp\/v2\/types\/page"}],"author":[{"embeddable":true,"href":"https:\/\/elcristaldigital.org\/index.php\/wp-json\/wp\/v2\/users\/1"}],"replies":[{"embeddable":true,"href":"https:\/\/elcristaldigital.org\/index.php\/wp-json\/wp\/v2\/comments?post=1047"}],"version-history":[{"count":5,"href":"https:\/\/elcristaldigital.org\/index.php\/wp-json\/wp\/v2\/pages\/1047\/revisions"}],"predecessor-version":[{"id":1092,"href":"https:\/\/elcristaldigital.org\/index.php\/wp-json\/wp\/v2\/pages\/1047\/revisions\/1092"}],"wp:attachment":[{"href":"https:\/\/elcristaldigital.org\/index.php\/wp-json\/wp\/v2\/media?parent=1047"}],"curies":[{"name":"wp","href":"https:\/\/api.w.org\/{rel}","templated":true}]}}